CRAN Package Check Results for Package gitlink

Last updated on 2021-09-26 20:49:09 CEST.

Flavor Version Tinstall Tcheck Ttotal Status Flags
r-devel-linux-x86_64-debian-clang 0.1.3 2.20 27.54 29.74 NOTE
r-devel-linux-x86_64-debian-gcc 0.1.3 1.70 22.05 23.75 NOTE
r-devel-linux-x86_64-fedora-clang 0.1.3 46.19 NOTE
r-devel-linux-x86_64-fedora-gcc 0.1.3 34.26 NOTE
r-devel-windows-x86_64 0.1.3 3.00 37.00 40.00 NOTE
r-devel-windows-x86_64-gcc10-UCRT 0.1.3 NOTE
r-patched-linux-x86_64 0.1.3 2.23 26.63 28.86 NOTE
r-patched-solaris-x86 0.1.3 55.30 NOTE
r-release-linux-x86_64 0.1.3 1.93 27.37 29.30 NOTE
r-release-macos-arm64 0.1.3 NOTE
r-release-macos-x86_64 0.1.3 NOTE
r-release-windows-ix86+x86_64 0.1.3 5.00 34.00 39.00 NOTE
r-oldrel-macos-x86_64 0.1.3 OK
r-oldrel-windows-ix86+x86_64 0.1.3 3.00 37.00 40.00 OK

Check Details

Version: 0.1.3
Check: LazyData
Result: NOTE
     'LazyData' is specified without a 'data' directory
Flavors: r-devel-linux-x86_64-debian-clang, r-devel-linux-x86_64-debian-gcc, r-devel-linux-x86_64-fedora-clang, r-devel-linux-x86_64-fedora-gcc, r-devel-windows-x86_64, r-devel-windows-x86_64-gcc10-UCRT, r-patched-linux-x86_64, r-patched-solaris-x86, r-release-linux-x86_64, r-release-macos-arm64, r-release-macos-x86_64, r-release-windows-ix86+x86_64