Last updated on 2024-03-28 23:55:07 CET.
Flavor | Version | Tinstall | Tcheck | Ttotal | Status | Flags |
---|---|---|---|---|---|---|
r-devel-linux-x86_64-debian-clang | 0.83.0 | 77.94 | 48.98 | 126.92 | OK | |
r-devel-linux-x86_64-debian-gcc | 0.83.0 | 55.26 | 37.46 | 92.72 | OK | |
r-devel-linux-x86_64-fedora-clang | 0.83.0 | 224.24 | OK | |||
r-devel-linux-x86_64-fedora-gcc | 0.83.0 | 169.19 | OK | |||
r-devel-windows-x86_64 | 0.83.0 | 68.00 | 75.00 | 143.00 | OK | |
r-patched-linux-x86_64 | 0.83.0 | 74.56 | 47.57 | 122.13 | OK | |
r-release-linux-x86_64 | 0.83.0 | 66.81 | 48.24 | 115.05 | OK | |
r-release-macos-arm64 | 0.83.0 | 40.00 | NOTE | |||
r-release-macos-x86_64 | 0.83.0 | 67.00 | NOTE | |||
r-release-windows-x86_64 | 0.83.0 | 79.00 | 86.00 | 165.00 | NOTE | |
r-oldrel-macos-arm64 | 0.83.0 | 42.00 | NOTE | |||
r-oldrel-windows-x86_64 | 0.83.0 | 69.00 | 90.00 | 159.00 | NOTE |
Version: 0.83.0
Check: package dependencies
Result: NOTE
Packages suggested but not available for checking:
'BSgenome.Hsapiens.UCSC.hg18.masked',
'BSgenome.Hsapiens.UCSC.hg19.masked'
Flavors: r-release-macos-arm64, r-release-macos-x86_64, r-release-windows-x86_64, r-oldrel-macos-arm64, r-oldrel-windows-x86_64