Last updated on 2024-04-20 08:50:55 CEST.
Flavor | Version | Tinstall | Tcheck | Ttotal | Status | Flags |
---|---|---|---|---|---|---|
r-devel-linux-x86_64-debian-clang | 0.8.1 | 2.42 | 30.25 | 32.67 | NOTE | |
r-devel-linux-x86_64-debian-gcc | 0.8.1 | 1.97 | 23.14 | 25.11 | NOTE | |
r-devel-linux-x86_64-fedora-clang | 0.8.1 | 42.58 | NOTE | |||
r-devel-linux-x86_64-fedora-gcc | 0.8.1 | 52.77 | NOTE | |||
r-prerel-macos-arm64 | 0.8.1 | 24.00 | NOTE | |||
r-prerel-windows-x86_64 | 0.8.1 | 4.00 | 46.00 | 50.00 | NOTE | |
r-patched-linux-x86_64 | 0.8.1 | 6.34 | 29.18 | 35.52 | NOTE | |
r-release-linux-x86_64 | 0.8.1 | 2.41 | 27.76 | 30.17 | NOTE | |
r-release-macos-arm64 | 0.8.1 | 27.00 | NOTE | |||
r-release-macos-x86_64 | 0.8.1 | 34.00 | NOTE | |||
r-release-windows-x86_64 | 0.8.1 | 4.00 | 47.00 | 51.00 | NOTE | |
r-oldrel-macos-arm64 | 0.8.1 | 18.00 | NOTE | |||
r-oldrel-windows-x86_64 | 0.8.1 | 5.00 | 50.00 | 55.00 | NOTE |
Version: 0.8.1
Check: LazyData
Result: NOTE
'LazyData' is specified without a 'data' directory
Flavors: r-devel-linux-x86_64-debian-clang, r-devel-linux-x86_64-debian-gcc, r-devel-linux-x86_64-fedora-clang, r-devel-linux-x86_64-fedora-gcc, r-prerel-macos-arm64, r-prerel-windows-x86_64, r-patched-linux-x86_64, r-release-linux-x86_64, r-release-macos-arm64, r-release-macos-x86_64, r-release-windows-x86_64, r-oldrel-macos-arm64, r-oldrel-windows-x86_64