CRAN Package Check Results for Package glassdoor

Last updated on 2021-12-06 04:50:37 CET.

Flavor Version Tinstall Tcheck Ttotal Status Flags
r-devel-linux-x86_64-debian-clang 0.8.1 2.22 33.24 35.46 NOTE
r-devel-linux-x86_64-debian-gcc 0.8.1 1.90 26.71 28.61 NOTE
r-devel-linux-x86_64-fedora-clang 0.8.1 45.64 NOTE
r-devel-linux-x86_64-fedora-gcc 0.8.1 33.70 NOTE
r-devel-windows-x86_64-new-UL 0.8.1 8.00 64.00 72.00 NOTE
r-devel-windows-x86_64-new-TK 0.8.1 NOTE
r-devel-windows-x86_64-old 0.8.1 5.00 37.00 42.00 NOTE
r-patched-linux-x86_64 0.8.1 5.85 23.83 29.68 NOTE
r-release-linux-x86_64 0.8.1 2.33 31.56 33.89 NOTE
r-release-macos-arm64 0.8.1 NOTE
r-release-macos-x86_64 0.8.1 NOTE
r-release-windows-ix86+x86_64 0.8.1 6.00 49.00 55.00 NOTE
r-oldrel-macos-x86_64 0.8.1 OK
r-oldrel-windows-ix86+x86_64 0.8.1 6.00 47.00 53.00 OK

Check Details

Version: 0.8.1
Check: LazyData
Result: NOTE
     'LazyData' is specified without a 'data' directory
Flavors: r-devel-linux-x86_64-debian-clang, r-devel-linux-x86_64-debian-gcc, r-devel-linux-x86_64-fedora-clang, r-devel-linux-x86_64-fedora-gcc, r-devel-windows-x86_64-new-UL, r-devel-windows-x86_64-new-TK, r-devel-windows-x86_64-old, r-patched-linux-x86_64, r-release-linux-x86_64, r-release-macos-arm64, r-release-macos-x86_64, r-release-windows-ix86+x86_64