Last updated on 2023-06-02 18:52:45 CEST.
Flavor | Version | Tinstall | Tcheck | Ttotal | Status | Flags |
---|---|---|---|---|---|---|
r-devel-linux-x86_64-debian-clang | 1.6.2 | 79.29 | 173.49 | 252.78 | OK | |
r-devel-linux-x86_64-debian-gcc | 1.6.2 | 67.08 | 129.26 | 196.34 | OK | |
r-devel-linux-x86_64-fedora-clang | 1.6.2 | 331.03 | NOTE | |||
r-devel-linux-x86_64-fedora-gcc | 1.6.2 | 332.19 | NOTE | |||
r-devel-windows-x86_64 | 1.6.2 | 65.00 | 145.00 | 210.00 | OK | |
r-patched-linux-x86_64 | 1.6.2 | OK | ||||
r-release-linux-x86_64 | 1.6.2 | 76.66 | 172.89 | 249.55 | OK | |
r-release-macos-arm64 | 1.6.2 | 81.00 | NOTE | |||
r-release-macos-x86_64 | 1.6.2 | 141.00 | NOTE | |||
r-release-windows-x86_64 | 1.6.2 | 82.00 | 173.00 | 255.00 | OK | |
r-oldrel-macos-arm64 | 1.6.2 | 76.00 | NOTE | |||
r-oldrel-macos-x86_64 | 1.6.2 | 97.00 | NOTE | |||
r-oldrel-windows-x86_64 | 1.6.2 | 80.00 | 175.00 | 255.00 | OK |
Version: 1.6.2
Check: dependencies in R code
Result: NOTE
Namespace in Imports field not imported from: ‘GMMBoost’
All declared Imports should be used.
Flavors: r-devel-linux-x86_64-fedora-clang, r-devel-linux-x86_64-fedora-gcc, r-oldrel-macos-x86_64
Version: 1.6.2
Check: installed package size
Result: NOTE
installed size is 8.6Mb
sub-directories of 1Mb or more:
libs 8.1Mb
Flavors: r-release-macos-arm64, r-release-macos-x86_64, r-oldrel-macos-arm64, r-oldrel-macos-x86_64