Last updated on 2024-03-27 23:59:45 CET.
Flavor | Version | Tinstall | Tcheck | Ttotal | Status | Flags |
---|---|---|---|---|---|---|
r-devel-linux-x86_64-debian-clang | 2.0.0 | 17.60 | 190.06 | 207.66 | NOTE | |
r-devel-linux-x86_64-debian-gcc | 2.0.0 | 14.46 | 146.95 | 161.41 | NOTE | |
r-devel-linux-x86_64-fedora-clang | 2.0.0 | 265.81 | NOTE | |||
r-devel-linux-x86_64-fedora-gcc | 2.0.0 | 269.06 | NOTE | |||
r-devel-windows-x86_64 | 2.0.0 | 14.00 | 160.00 | 174.00 | NOTE | |
r-patched-linux-x86_64 | 2.0.0 | 11.26 | 190.57 | 201.83 | OK | |
r-release-linux-x86_64 | 2.0.0 | 10.63 | 193.98 | 204.61 | OK | |
r-release-macos-arm64 | 2.0.0 | 83.00 | OK | |||
r-release-macos-x86_64 | 2.0.0 | 137.00 | OK | |||
r-release-windows-x86_64 | 2.0.0 | 19.00 | 189.00 | 208.00 | OK | |
r-oldrel-macos-arm64 | 2.0.0 | 78.00 | OK | |||
r-oldrel-windows-x86_64 | 2.0.0 | 21.00 | 199.00 | 220.00 | OK |
Version: 2.0.0
Check: Rd files
Result: NOTE
checkRd: (-1) glmtrans.Rd:83: Lost braces in \itemize; \value handles \item{}{} directly
checkRd: (-1) glmtrans.Rd:84: Lost braces in \itemize; \value handles \item{}{} directly
checkRd: (-1) glmtrans.Rd:85: Lost braces in \itemize; \value handles \item{}{} directly
checkRd: (-1) glmtrans.Rd:86: Lost braces in \itemize; \value handles \item{}{} directly
checkRd: (-1) glmtrans.Rd:87: Lost braces in \itemize; \value handles \item{}{} directly
checkRd: (-1) predict.glmtrans.Rd:23: Lost braces in \itemize; meant \describe ?
checkRd: (-1) predict.glmtrans.Rd:24: Lost braces in \itemize; meant \describe ?
checkRd: (-1) predict.glmtrans.Rd:25: Lost braces in \itemize; meant \describe ?
checkRd: (-1) predict.glmtrans.Rd:26: Lost braces in \itemize; meant \describe ?
Flavors: r-devel-linux-x86_64-debian-clang, r-devel-linux-x86_64-debian-gcc, r-devel-linux-x86_64-fedora-clang, r-devel-linux-x86_64-fedora-gcc, r-devel-windows-x86_64