Last updated on 2024-03-27 23:59:45 CET.
Flavor | Version | Tinstall | Tcheck | Ttotal | Status | Flags |
---|---|---|---|---|---|---|
r-devel-linux-x86_64-debian-clang | 0.0.112 | 12.84 | 68.47 | 81.31 | OK | |
r-devel-linux-x86_64-debian-gcc | 0.0.112 | 9.90 | 51.84 | 61.74 | OK | |
r-devel-linux-x86_64-fedora-clang | 0.0.112 | 109.11 | NOTE | |||
r-devel-linux-x86_64-fedora-gcc | 0.0.112 | 101.61 | NOTE | |||
r-devel-windows-x86_64 | 0.0.112 | 11.00 | 69.00 | 80.00 | OK | |
r-patched-linux-x86_64 | 0.0.112 | 7.96 | 68.48 | 76.44 | OK | |
r-release-linux-x86_64 | 0.0.112 | 7.66 | 66.74 | 74.40 | OK | |
r-release-macos-arm64 | 0.0.112 | 37.00 | OK | |||
r-release-macos-x86_64 | 0.0.112 | 59.00 | OK | |||
r-release-windows-x86_64 | 0.0.112 | 16.00 | 81.00 | 97.00 | OK | |
r-oldrel-macos-arm64 | 0.0.112 | 34.00 | NOTE | |||
r-oldrel-windows-x86_64 | 0.0.112 | 17.00 | 84.00 | 101.00 | OK |
Version: 0.0.112
Check: dependencies in R code
Result: NOTE
Namespace in Imports field not imported from: ‘rnaturalearthdata’
All declared Imports should be used.
Flavors: r-devel-linux-x86_64-fedora-clang, r-devel-linux-x86_64-fedora-gcc, r-oldrel-macos-arm64
Version: 0.0.112
Check: data for non-ASCII characters
Result: NOTE
Note: found 1191 marked UTF-8 strings
Flavors: r-devel-linux-x86_64-fedora-clang, r-devel-linux-x86_64-fedora-gcc, r-oldrel-macos-arm64