Last updated on 2023-06-07 17:55:38 CEST.
Flavor | Version | Tinstall | Tcheck | Ttotal | Status | Flags |
---|---|---|---|---|---|---|
r-devel-linux-x86_64-debian-clang | 0.11.3 | 25.27 | 170.53 | 195.80 | OK | |
r-devel-linux-x86_64-debian-gcc | 0.11.3 | 24.39 | 125.16 | 149.55 | OK | |
r-devel-linux-x86_64-fedora-clang | 0.11.3 | 243.52 | NOTE | |||
r-devel-linux-x86_64-fedora-gcc | 0.11.3 | 244.09 | NOTE | |||
r-devel-windows-x86_64 | 0.11.3 | 23.00 | 161.00 | 184.00 | OK | |
r-patched-linux-x86_64 | 0.11.3 | 28.25 | 164.29 | 192.54 | OK | |
r-release-linux-x86_64 | 0.11.3 | 22.16 | 162.84 | 185.00 | OK | |
r-release-macos-arm64 | 0.11.3 | 75.00 | OK | |||
r-release-macos-x86_64 | 0.11.3 | 154.00 | OK | |||
r-release-windows-x86_64 | 0.11.3 | 31.00 | 196.00 | 227.00 | OK | |
r-oldrel-macos-arm64 | 0.11.3 | 70.00 | OK | |||
r-oldrel-macos-x86_64 | 0.11.3 | 86.00 | OK | |||
r-oldrel-windows-x86_64 | 0.11.3 | 31.00 | 177.00 | 208.00 | OK |
Version: 0.11.3
Check: data for non-ASCII characters
Result: NOTE
Note: found 2629 marked UTF-8 strings
Flavors: r-devel-linux-x86_64-fedora-clang, r-devel-linux-x86_64-fedora-gcc