CRAN Package Check Results for Package gmnl

Last updated on 2024-02-29 15:53:46 CET.

Flavor Version Tinstall Tcheck Ttotal Status Flags
r-devel-linux-x86_64-debian-clang 1.1-3.2 13.21 110.21 123.42 OK
r-devel-linux-x86_64-debian-gcc 1.1-3.2 11.19 84.24 95.43 OK
r-devel-linux-x86_64-fedora-clang 1.1-3.2 152.86 NOTE
r-devel-linux-x86_64-fedora-gcc 1.1-3.2 146.87 OK
r-devel-windows-x86_64 1.1-3.2 13.00 93.00 106.00 OK
r-patched-linux-x86_64 1.1-3.2 14.28 107.30 121.58 OK
r-release-linux-x86_64 1.1-3.2 14.46 107.37 121.83 OK
r-release-macos-arm64 1.1-3.2 46.00 OK
r-release-macos-x86_64 1.1-3.2 71.00 OK
r-release-windows-x86_64 1.1-3.2 18.00 112.00 130.00 OK
r-oldrel-macos-arm64 1.1-3.2 41.00 OK
r-oldrel-windows-x86_64 1.1-3.2 18.00 116.00 134.00 OK

Check Details

Version: 1.1-3.2
Check: Rd cross-references
Result: NOTE Undeclared package ‘sandwich’ in Rd xrefs Flavor: r-devel-linux-x86_64-fedora-clang