Last updated on 2024-03-27 23:59:45 CET.
Flavor | Version | Tinstall | Tcheck | Ttotal | Status | Flags |
---|---|---|---|---|---|---|
r-devel-linux-x86_64-debian-clang | 1.1-3.2 | 10.08 | 108.55 | 118.63 | OK | |
r-devel-linux-x86_64-debian-gcc | 1.1-3.2 | 10.29 | 81.70 | 91.99 | OK | |
r-devel-linux-x86_64-fedora-clang | 1.1-3.2 | 166.69 | NOTE | |||
r-devel-linux-x86_64-fedora-gcc | 1.1-3.2 | 156.42 | OK | |||
r-devel-windows-x86_64 | 1.1-3.2 | 13.00 | 89.00 | 102.00 | OK | |
r-patched-linux-x86_64 | 1.1-3.2 | 13.91 | 109.59 | 123.50 | OK | |
r-release-linux-x86_64 | 1.1-3.2 | 14.65 | 107.00 | 121.65 | OK | |
r-release-macos-arm64 | 1.1-3.2 | 46.00 | OK | |||
r-release-macos-x86_64 | 1.1-3.2 | 71.00 | OK | |||
r-release-windows-x86_64 | 1.1-3.2 | 18.00 | 109.00 | 127.00 | OK | |
r-oldrel-macos-arm64 | 1.1-3.2 | 41.00 | OK | |||
r-oldrel-windows-x86_64 | 1.1-3.2 | 18.00 | 118.00 | 136.00 | OK |
Version: 1.1-3.2
Check: Rd cross-references
Result: NOTE
Undeclared package ‘sandwich’ in Rd xrefs
Flavor: r-devel-linux-x86_64-fedora-clang