Last updated on 2023-06-08 08:55:22 CEST.
Flavor | Version | Tinstall | Tcheck | Ttotal | Status | Flags |
---|---|---|---|---|---|---|
r-devel-linux-x86_64-debian-clang | 0.2.1 | 104.78 | 131.03 | 235.81 | OK | |
r-devel-linux-x86_64-debian-gcc | 0.2.1 | 81.34 | 97.07 | 178.41 | OK | |
r-devel-linux-x86_64-fedora-clang | 0.2.1 | 321.16 | OK | |||
r-devel-linux-x86_64-fedora-gcc | 0.2.1 | 313.67 | OK | |||
r-devel-windows-x86_64 | 0.2.1 | 82.00 | 133.00 | 215.00 | OK | |
r-patched-linux-x86_64 | 0.2.1 | 90.63 | 123.60 | 214.23 | OK | |
r-release-linux-x86_64 | 0.2.1 | 90.20 | 123.35 | 213.55 | OK | |
r-release-macos-arm64 | 0.2.1 | 83.00 | NOTE | |||
r-release-macos-x86_64 | 0.2.1 | 135.00 | NOTE | |||
r-release-windows-x86_64 | 0.2.1 | 102.00 | 159.00 | 261.00 | OK | |
r-oldrel-macos-arm64 | 0.2.1 | 62.00 | NOTE | |||
r-oldrel-macos-x86_64 | 0.2.1 | 102.00 | NOTE | |||
r-oldrel-windows-x86_64 | 0.2.1 | 98.00 | 156.00 | 254.00 | OK |
Version: 0.2.1
Check: installed package size
Result: NOTE
installed size is 7.8Mb
sub-directories of 1Mb or more:
libs 7.4Mb
Flavors: r-release-macos-arm64, r-release-macos-x86_64, r-oldrel-macos-arm64, r-oldrel-macos-x86_64