Last updated on 2024-04-19 01:04:33 CEST.
Flavor | Version | Tinstall | Tcheck | Ttotal | Status | Flags |
---|---|---|---|---|---|---|
r-devel-linux-x86_64-debian-clang | 1.0.1 | 6.03 | 77.56 | 83.59 | NOTE | |
r-devel-linux-x86_64-debian-gcc | 1.0.1 | 4.45 | 57.89 | 62.34 | NOTE | |
r-devel-linux-x86_64-fedora-clang | 1.0.1 | 105.18 | NOTE | |||
r-devel-linux-x86_64-fedora-gcc | 1.0.1 | 117.55 | NOTE | |||
r-prerel-macos-arm64 | 1.0.1 | 35.00 | NOTE | |||
r-prerel-windows-x86_64 | 1.0.1 | 7.00 | 71.00 | 78.00 | NOTE | |
r-patched-linux-x86_64 | 1.0.1 | 5.65 | 71.86 | 77.51 | NOTE | |
r-release-linux-x86_64 | 1.0.1 | 5.48 | 72.45 | 77.93 | NOTE | |
r-release-macos-arm64 | 1.0.1 | 37.00 | NOTE | |||
r-release-macos-x86_64 | 1.0.1 | 50.00 | NOTE | |||
r-release-windows-x86_64 | 1.0.1 | 8.00 | 76.00 | 84.00 | NOTE | |
r-oldrel-macos-arm64 | 1.0.1 | 29.00 | NOTE | |||
r-oldrel-windows-x86_64 | 1.0.1 | 9.00 | 85.00 | 94.00 | NOTE |
Version: 1.0.1
Check: LazyData
Result: NOTE
'LazyData' is specified without a 'data' directory
Flavors: r-devel-linux-x86_64-debian-clang, r-devel-linux-x86_64-debian-gcc, r-devel-linux-x86_64-fedora-clang, r-devel-linux-x86_64-fedora-gcc, r-prerel-macos-arm64, r-prerel-windows-x86_64, r-patched-linux-x86_64, r-release-linux-x86_64, r-release-macos-arm64, r-release-macos-x86_64, r-release-windows-x86_64, r-oldrel-macos-arm64, r-oldrel-windows-x86_64