CRAN Package Check Results for Package golem

Last updated on 2021-09-23 00:48:43 CEST.

Flavor Version Tinstall Tcheck Ttotal Status Flags
r-devel-linux-x86_64-debian-clang 0.3.1 10.31 111.46 121.77 OK
r-devel-linux-x86_64-debian-gcc 0.3.1 8.09 84.92 93.01 OK
r-devel-linux-x86_64-fedora-clang 0.3.1 151.47 OK
r-devel-linux-x86_64-fedora-gcc 0.3.1 151.90 OK
r-devel-windows-x86_64 0.3.1 11.00 115.00 126.00 OK
r-devel-windows-x86_64-gcc10-UCRT 0.3.1 ERROR
r-patched-linux-x86_64 0.3.1 9.91 113.78 123.69 OK
r-patched-solaris-x86 0.3.1 191.60 OK
r-release-linux-x86_64 0.3.1 9.31 114.23 123.54 OK
r-release-macos-arm64 0.3.1 OK
r-release-macos-x86_64 0.3.1 OK
r-release-windows-ix86+x86_64 0.3.1 23.00 118.00 141.00 OK
r-oldrel-macos-x86_64 0.3.1 OK
r-oldrel-windows-ix86+x86_64 0.3.1 17.00 152.00 169.00 OK

Check Details

Version: 0.3.1
Check: package dependencies
Result: ERROR
    Package required but not available: 'roxygen2'
    
    Packages suggested but not available for checking:
     'devtools', 'pkgdown', 'spelling'
    
    See section 'The DESCRIPTION file' in the 'Writing R Extensions'
    manual.
Flavor: r-devel-windows-x86_64-gcc10-UCRT