Last updated on 2023-05-22 17:01:22 CEST.
Flavor | Version | Tinstall | Tcheck | Ttotal | Status | Flags |
---|---|---|---|---|---|---|
r-devel-linux-x86_64-debian-clang | 0.5.0 | 9.31 | 79.04 | 88.35 | OK | |
r-devel-linux-x86_64-debian-gcc | 0.5.0 | 7.77 | 60.13 | 67.90 | OK | |
r-devel-linux-x86_64-fedora-clang | 0.5.0 | 108.72 | NOTE | |||
r-devel-linux-x86_64-fedora-gcc | 0.5.0 | 105.29 | OK | |||
r-devel-windows-x86_64 | 0.5.0 | 12.00 | 99.00 | 111.00 | OK | |
r-patched-linux-x86_64 | 0.5.0 | 13.29 | 74.62 | 87.91 | OK | |
r-release-linux-x86_64 | 0.5.0 | 8.21 | 76.09 | 84.30 | OK | |
r-release-macos-arm64 | 0.5.0 | 37.00 | OK | |||
r-release-macos-x86_64 | 0.5.0 | 56.00 | OK | |||
r-release-windows-x86_64 | 0.5.0 | 11.00 | 111.00 | 122.00 | OK | |
r-oldrel-macos-arm64 | 0.5.0 | 30.00 | OK | |||
r-oldrel-macos-x86_64 | 0.5.0 | 57.00 | OK | |||
r-oldrel-windows-x86_64 | 0.5.0 | 13.00 | 95.00 | 108.00 | OK |
Version: 0.5.0
Check: Rd cross-references
Result: NOTE
Undeclared packages ‘rcmdcheck’, ‘covr’, ‘devtools’, ‘pkgdown’ in Rd xrefs
Flavor: r-devel-linux-x86_64-fedora-clang