CRAN Package Check Results for Package googleLanguageR

Last updated on 2021-09-26 04:50:32 CEST.

Flavor Version Tinstall Tcheck Ttotal Status Flags
r-devel-linux-x86_64-debian-clang 0.3.0 4.92 49.43 54.35 NOTE
r-devel-linux-x86_64-debian-gcc 0.3.0 4.35 37.87 42.22 NOTE
r-devel-linux-x86_64-fedora-clang 0.3.0 79.44 NOTE
r-devel-linux-x86_64-fedora-gcc 0.3.0 61.67 NOTE
r-devel-windows-x86_64 0.3.0 9.00 61.00 70.00 NOTE
r-devel-windows-x86_64-gcc10-UCRT 0.3.0 NOTE
r-patched-linux-x86_64 0.3.0 8.70 49.06 57.76 NOTE
r-patched-solaris-x86 0.3.0 94.40 NOTE
r-release-linux-x86_64 0.3.0 5.72 48.89 54.61 NOTE
r-release-macos-arm64 0.3.0 NOTE
r-release-macos-x86_64 0.3.0 NOTE
r-release-windows-ix86+x86_64 0.3.0 13.00 58.00 71.00 NOTE
r-oldrel-macos-x86_64 0.3.0 OK
r-oldrel-windows-ix86+x86_64 0.3.0 9.00 56.00 65.00 OK

Check Details

Version: 0.3.0
Check: LazyData
Result: NOTE
     'LazyData' is specified without a 'data' directory
Flavors: r-devel-linux-x86_64-debian-clang, r-devel-linux-x86_64-debian-gcc, r-devel-linux-x86_64-fedora-clang, r-devel-linux-x86_64-fedora-gcc, r-devel-windows-x86_64, r-devel-windows-x86_64-gcc10-UCRT, r-patched-linux-x86_64, r-patched-solaris-x86, r-release-linux-x86_64, r-release-macos-arm64, r-release-macos-x86_64, r-release-windows-ix86+x86_64