CRAN Package Check Results for Package googlePrintr

Last updated on 2021-10-27 00:51:05 CEST.

Flavor Version Tinstall Tcheck Ttotal Status Flags
r-devel-linux-x86_64-debian-clang 0.0.1 3.19 27.73 30.92 NOTE
r-devel-linux-x86_64-debian-gcc 0.0.1 2.46 22.49 24.95 NOTE
r-devel-linux-x86_64-fedora-clang 0.0.1 47.86 NOTE
r-devel-linux-x86_64-fedora-gcc 0.0.1 36.94 NOTE
r-devel-windows-x86_64 0.0.1 6.00 57.00 63.00 NOTE
r-devel-windows-x86_64-gcc10-UCRT 0.0.1 NOTE
r-patched-linux-x86_64 0.0.1 3.35 27.11 30.46 NOTE
r-patched-solaris-x86 0.0.1 60.90 NOTE
r-release-linux-x86_64 0.0.1 3.21 26.83 30.04 NOTE
r-release-macos-arm64 0.0.1 NOTE
r-release-macos-x86_64 0.0.1 NOTE
r-release-windows-ix86+x86_64 0.0.1 5.00 46.00 51.00 NOTE
r-oldrel-macos-x86_64 0.0.1 OK
r-oldrel-windows-ix86+x86_64 0.0.1 9.00 46.00 55.00 OK

Check Details

Version: 0.0.1
Check: LazyData
Result: NOTE
     'LazyData' is specified without a 'data' directory
Flavors: r-devel-linux-x86_64-debian-clang, r-devel-linux-x86_64-debian-gcc, r-devel-linux-x86_64-fedora-clang, r-devel-linux-x86_64-fedora-gcc, r-devel-windows-x86_64, r-devel-windows-x86_64-gcc10-UCRT, r-patched-linux-x86_64, r-patched-solaris-x86, r-release-linux-x86_64, r-release-macos-arm64, r-release-macos-x86_64, r-release-windows-ix86+x86_64