CRAN Package Check Results for Package googleformr

Last updated on 2021-12-02 00:49:12 CET.

Flavor Version Tinstall Tcheck Ttotal Status Flags
r-devel-linux-x86_64-debian-clang 0.0.3 2.52 21.10 23.62 NOTE
r-devel-linux-x86_64-debian-gcc 0.0.3 1.82 16.87 18.69 NOTE
r-devel-linux-x86_64-fedora-clang 0.0.3 39.59 NOTE
r-devel-linux-x86_64-fedora-gcc 0.0.3 28.75 NOTE
r-devel-windows-x86_64-new-UL 0.0.3 8.00 54.00 62.00 NOTE
r-devel-windows-x86_64-new-TK 0.0.3 NOTE
r-devel-windows-x86_64-old 0.0.3 6.00 32.00 38.00 NOTE
r-patched-linux-x86_64 0.0.3 2.43 20.13 22.56 NOTE
r-patched-solaris-x86 0.0.3 47.10 NOTE
r-release-linux-x86_64 0.0.3 2.30 20.05 22.35 NOTE
r-release-macos-arm64 0.0.3 NOTE
r-release-macos-x86_64 0.0.3 NOTE
r-release-windows-ix86+x86_64 0.0.3 6.00 42.00 48.00 NOTE
r-oldrel-macos-x86_64 0.0.3 OK
r-oldrel-windows-ix86+x86_64 0.0.3 7.00 38.00 45.00 OK

Check Details

Version: 0.0.3
Check: LazyData
Result: NOTE
     'LazyData' is specified without a 'data' directory
Flavors: r-devel-linux-x86_64-debian-clang, r-devel-linux-x86_64-debian-gcc, r-devel-linux-x86_64-fedora-clang, r-devel-linux-x86_64-fedora-gcc, r-devel-windows-x86_64-new-UL, r-devel-windows-x86_64-new-TK, r-devel-windows-x86_64-old, r-patched-linux-x86_64, r-patched-solaris-x86, r-release-linux-x86_64, r-release-macos-arm64, r-release-macos-x86_64, r-release-windows-ix86+x86_64