Last updated on 2023-06-02 18:52:45 CEST.
Flavor | Version | Tinstall | Tcheck | Ttotal | Status | Flags |
---|---|---|---|---|---|---|
r-devel-linux-x86_64-debian-clang | 0.0.3 | 2.53 | 22.04 | 24.57 | NOTE | |
r-devel-linux-x86_64-debian-gcc | 0.0.3 | 2.34 | 17.70 | 20.04 | NOTE | |
r-devel-linux-x86_64-fedora-clang | 0.0.3 | 32.40 | NOTE | |||
r-devel-linux-x86_64-fedora-gcc | 0.0.3 | 30.17 | NOTE | |||
r-devel-windows-x86_64 | 0.0.3 | 7.00 | 42.00 | 49.00 | NOTE | |
r-patched-linux-x86_64 | 0.0.3 | NOTE | ||||
r-release-linux-x86_64 | 0.0.3 | 2.68 | 21.26 | 23.94 | NOTE | |
r-release-macos-arm64 | 0.0.3 | 18.00 | NOTE | |||
r-release-macos-x86_64 | 0.0.3 | 23.00 | NOTE | |||
r-release-windows-x86_64 | 0.0.3 | 5.00 | 41.00 | 46.00 | NOTE | |
r-oldrel-macos-arm64 | 0.0.3 | 16.00 | NOTE | |||
r-oldrel-macos-x86_64 | 0.0.3 | 21.00 | NOTE | |||
r-oldrel-windows-x86_64 | 0.0.3 | 7.00 | 42.00 | 49.00 | NOTE |
Version: 0.0.3
Check: LazyData
Result: NOTE
'LazyData' is specified without a 'data' directory
Flavors: r-devel-linux-x86_64-debian-clang, r-devel-linux-x86_64-debian-gcc, r-devel-linux-x86_64-fedora-clang, r-devel-linux-x86_64-fedora-gcc, r-devel-windows-x86_64, r-patched-linux-x86_64, r-release-linux-x86_64, r-release-macos-arm64, r-release-macos-x86_64, r-release-windows-x86_64, r-oldrel-macos-arm64, r-oldrel-macos-x86_64, r-oldrel-windows-x86_64