Last updated on 2024-04-28 08:54:50 CEST.
Flavor | Version | Tinstall | Tcheck | Ttotal | Status | Flags |
---|---|---|---|---|---|---|
r-devel-linux-x86_64-debian-clang | 1.0 | 7.30 | 85.32 | 92.62 | NOTE | |
r-devel-linux-x86_64-debian-gcc | 1.0 | 5.06 | 60.82 | 65.88 | NOTE | |
r-devel-linux-x86_64-fedora-clang | 1.0 | 112.78 | NOTE | |||
r-devel-linux-x86_64-fedora-gcc | 1.0 | 109.41 | NOTE | |||
r-devel-windows-x86_64 | 1.0 | 8.00 | 93.00 | 101.00 | NOTE | |
r-patched-linux-x86_64 | 1.0 | 10.89 | 82.75 | 93.64 | NOTE | |
r-release-linux-x86_64 | 1.0 | 4.94 | 83.05 | 87.99 | OK | |
r-release-macos-arm64 | 1.0 | 31.00 | NOTE | |||
r-release-windows-x86_64 | 1.0 | 7.00 | 95.00 | 102.00 | NOTE | |
r-oldrel-macos-arm64 | 1.0 | 34.00 | OK | |||
r-oldrel-macos-x86_64 | 1.0 | 123.00 | OK | |||
r-oldrel-windows-x86_64 | 1.0 | 8.00 | 111.00 | 119.00 | OK |
Version: 1.0
Check: Rd files
Result: NOTE
checkRd: (-1) compute_lower_bound_1tree.Rd:31: Lost braces; missing escapes or markup?
31 | instance from vertex 1. Internally, it creates the graph Kn-{v1}
| ^
Flavors: r-devel-linux-x86_64-debian-clang, r-devel-linux-x86_64-debian-gcc, r-devel-linux-x86_64-fedora-clang, r-devel-linux-x86_64-fedora-gcc, r-devel-windows-x86_64, r-patched-linux-x86_64, r-release-macos-arm64, r-release-windows-x86_64