Last updated on 2024-04-19 01:04:34 CEST.
Flavor | Version | Tinstall | Tcheck | Ttotal | Status | Flags |
---|---|---|---|---|---|---|
r-devel-linux-x86_64-debian-clang | 3.1.3.1 | 8.32 | 86.37 | 94.69 | NOTE | |
r-devel-linux-x86_64-debian-gcc | 3.1.3.1 | 5.49 | 63.44 | 68.93 | NOTE | |
r-devel-linux-x86_64-fedora-clang | 3.1.3.1 | 120.22 | NOTE | |||
r-devel-linux-x86_64-fedora-gcc | 3.1.3.1 | 128.54 | NOTE | |||
r-prerel-macos-arm64 | 3.1.3.1 | 40.00 | NOTE | |||
r-prerel-macos-x86_64 | 3.1.3.1 | 138.00 | NOTE | |||
r-prerel-windows-x86_64 | 3.1.3.1 | 7.00 | 96.00 | 103.00 | NOTE | |
r-patched-linux-x86_64 | 3.1.3.1 | 7.18 | 84.04 | 91.22 | NOTE | |
r-release-linux-x86_64 | 3.1.3.1 | 8.58 | 82.09 | 90.67 | NOTE | |
r-release-macos-arm64 | 3.1.3.1 | 50.00 | NOTE | |||
r-release-macos-x86_64 | 3.1.3.1 | 136.00 | NOTE | |||
r-release-windows-x86_64 | 3.1.3.1 | 10.00 | 102.00 | 112.00 | NOTE | |
r-oldrel-macos-arm64 | 3.1.3.1 | 41.00 | OK | |||
r-oldrel-windows-x86_64 | 3.1.3.1 | 10.00 | 110.00 | 120.00 | OK |
Version: 3.1.3.1
Check: Rd files
Result: NOTE
checkRd: (-1) barplot2.Rd:219: Escaped LaTeX specials: \_
checkRd: (-1) colorpanel.Rd:31: Escaped LaTeX specials: \#
checkRd: (-1) qqnorm.aov.Rd:33: Escaped LaTeX specials: \&
checkRd: (-1) venn.Rd:21: Lost braces
21 | in code{data} not in this list will be ignored. Use \code{NA} to
| ^
checkRd: (-1) venn.Rd:59: Escaped LaTeX specials: \_
Flavors: r-devel-linux-x86_64-debian-clang, r-devel-linux-x86_64-debian-gcc, r-devel-linux-x86_64-fedora-clang, r-devel-linux-x86_64-fedora-gcc, r-prerel-macos-arm64, r-prerel-windows-x86_64, r-patched-linux-x86_64
Version: 3.1.3.1
Check: Rd files
Result: NOTE
checkRd: (-1) barplot2.Rd:219: Escaped LaTeX specials: \_
checkRd: (-1) colorpanel.Rd:31: Escaped LaTeX specials: \#
checkRd: (-1) qqnorm.aov.Rd:33: Escaped LaTeX specials: \&
checkRd: (-1) venn.Rd:59: Escaped LaTeX specials: \_
Flavors: r-prerel-macos-x86_64, r-release-linux-x86_64, r-release-macos-arm64, r-release-macos-x86_64, r-release-windows-x86_64