Last updated on 2023-09-29 00:56:50 CEST.
Flavor | Version | Tinstall | Tcheck | Ttotal | Status | Flags |
---|---|---|---|---|---|---|
r-devel-linux-x86_64-debian-clang | 3.1.3 | 7.60 | 85.28 | 92.88 | NOTE | |
r-devel-linux-x86_64-debian-gcc | 3.1.3 | 6.76 | 62.44 | 69.20 | NOTE | |
r-devel-linux-x86_64-fedora-clang | 3.1.3 | 114.07 | NOTE | |||
r-devel-linux-x86_64-fedora-gcc | 3.1.3 | 124.83 | NOTE | |||
r-devel-windows-x86_64 | 3.1.3 | 9.00 | 93.00 | 102.00 | NOTE | |
r-patched-linux-x86_64 | 3.1.3 | 10.42 | 83.45 | 93.87 | NOTE | |
r-release-linux-x86_64 | 3.1.3 | 7.25 | 81.26 | 88.51 | NOTE | |
r-release-macos-arm64 | 3.1.3 | 41.00 | NOTE | |||
r-release-macos-x86_64 | 3.1.3 | 68.00 | NOTE | |||
r-release-windows-x86_64 | 3.1.3 | 10.00 | 106.00 | 116.00 | NOTE | |
r-oldrel-macos-arm64 | 3.1.3 | 37.00 | OK | |||
r-oldrel-macos-x86_64 | 3.1.3 | 48.00 | OK | |||
r-oldrel-windows-x86_64 | 3.1.3 | 11.00 | 109.00 | 120.00 | OK |
Version: 3.1.3
Check: Rd files
Result: NOTE
checkRd: (-1) barplot2.Rd:219: Escaped LaTeX specials: \_
checkRd: (-1) colorpanel.Rd:31: Escaped LaTeX specials: \#
checkRd: (-1) qqnorm.aov.Rd:33: Escaped LaTeX specials: \&
checkRd: (-1) venn.Rd:59: Escaped LaTeX specials: \_
Flavors: r-devel-linux-x86_64-debian-clang, r-devel-linux-x86_64-debian-gcc, r-devel-linux-x86_64-fedora-clang, r-devel-linux-x86_64-fedora-gcc, r-devel-windows-x86_64, r-patched-linux-x86_64, r-release-linux-x86_64, r-release-macos-arm64, r-release-macos-x86_64, r-release-windows-x86_64