CRAN Package Check Results for Package gppm

Last updated on 2021-10-24 16:54:04 CEST.

Flavor Version Tinstall Tcheck Ttotal Status Flags
r-devel-linux-x86_64-debian-clang 0.2.0 9.83 264.13 273.96 OK
r-devel-linux-x86_64-debian-gcc 0.2.0 7.51 198.27 205.78 OK
r-devel-linux-x86_64-fedora-clang 0.2.0 345.72 OK
r-devel-linux-x86_64-fedora-gcc 0.2.0 338.75 OK
r-devel-windows-x86_64 0.2.0 19.00 221.00 240.00 ERROR
r-devel-windows-x86_64-gcc10-UCRT 0.2.0 ERROR
r-patched-linux-x86_64 0.2.0 9.87 262.60 272.47 OK
r-patched-solaris-x86 0.2.0 360.70 OK
r-release-linux-x86_64 0.2.0 8.23 259.85 268.08 OK
r-release-macos-arm64 0.2.0 ERROR
r-release-macos-x86_64 0.2.0 OK
r-release-windows-ix86+x86_64 0.2.0 18.00 161.00 179.00 ERROR
r-oldrel-macos-x86_64 0.2.0 OK
r-oldrel-windows-ix86+x86_64 0.2.0 28.00 217.00 245.00 ERROR

Check Details

Version: 0.2.0
Check: tests
Result: ERROR
     Running 'testthat.R' [91s]
    Running the tests in 'tests/testthat.R' failed.
    Complete output:
     > Sys.setenv("R_TESTS" = "")
     > library(testthat)
     > library(gppm)
     Loading required package: Rcpp
     >
     > test_check("gppm")
     make cmd is
     make -f "D:/RCompile/recent/R/etc/x64/Makeconf" -f "D:/RCompile/recent/R/etc/x64/Makevars.site" -f "D:/RCompile/recent/R/share/make/winshlib.mk" CXX='$(CXX14) $(CXX14STD)' CXXFLAGS='$(CXX14FLAGS)' CXXPICFLAGS='$(CXX14PICFLAGS)' SHLIB_LDFLAGS='$(SHLIB_CXX14LDFLAGS)' SHLIB_LD='$(SHLIB_CXX14LD)' SHLIB="file693c237d79ca.dll" WIN=64 TCLBIN=64 OBJECTS="file693c237d79ca.o"
    
     make would use
     make[1]: Entering directory '/d/temp/RtmpMjQ4UP'
     if test "zfile693c237d79ca.o" != "z"; then \
     if test -e "file693c237d79ca-win.def"; then \
     echo d:/Compiler/rtools40/mingw64/bin/g++ -shared -s -static-libgcc -o file693c237d79ca.dll file693c237d79ca-win.def file693c237d79ca.o -L"d:/Compiler/gcc-4.9.3/local330/lib/x64" -L"d:/Compiler/gcc-4.9.3/local330/lib" -L"D:/RCompile/recent/R/bin/x64" -lR ; \
     d:/Compiler/rtools40/mingw64/bin/g++ -shared -s -static-libgcc -o file693c237d79ca.dll file693c237d79ca-win.def file693c237d79ca.o -L"d:/Compiler/gcc-4.9.3/local330/lib/x64" -L"d:/Compiler/gcc-4.9.3/local330/lib" -L"D:/RCompile/recent/R/bin/x64" -lR ; \
     else \
     echo EXPORTS > tmp.def; \
     d:/Compiler/rtools40/mingw64/bin/nm file693c237d79ca.o | sed -n 's/^.* [BCDRT] / /p' | sed -e '/[.]refptr[.]/d' -e '/[.]weak[.]/d' | sed 's/[^ ][^ ]*/"&"/g' >> tmp.def; \
     echo d:/Compiler/rtools40/mingw64/bin/g++ -shared -s -static-libgcc -o file693c237d79ca.dll tmp.def file693c237d79ca.o -L"d:/Compiler/gcc-4.9.3/local330/lib/x64" -L"d:/Compiler/gcc-4.9.3/local330/lib" -L"D:/RCompile/recent/R/bin/x64" -lR ; \
     d:/Compiler/rtools40/mingw64/bin/g++ -shared -s -static-libgcc -o file693c237d79ca.dll tmp.def file693c237d79ca.o -L"d:/Compiler/gcc-4.9.3/local330/lib/x64" -L"d:/Compiler/gcc-4.9.3/local330/lib" -L"D:/RCompile/recent/R/bin/x64" -lR ; \
     rm -f tmp.def; \
     fi \
     fi
     make[1]: Leaving directory '/d/temp/RtmpMjQ4UP'
     Error in compileCode(f, code, language = language, verbose = verbose) :
     D:/Compiler/rtools40/mingw64/bin/../lib/gcc/x86_64-w64-mingw32/8.3.0/../../../../x86_64-w64-mingw32/bin/ld.exe: file693c237d79ca.o:file693c237d79ca.cpp:(.text$_ZN3tbb8internal26task_scheduler_observer_v3D1Ev[_ZN3tbb8internal26task_scheduler_observer_v3D1Ev]+0x14): undefined reference to `tbb::internal::task_scheduler_observer_v3::observe(bool)'D:/Compiler/rtools40/mingw64/bin/../lib/gcc/x86_64-w64-mingw32/8.3.0/../../../../x86_64-w64-mingw32/bin/ld.exe: file693c237d79ca.o:file693c237d79ca.cpp:(.text$_ZN3tbb8internal26task_scheduler_observer_v3D0Ev[_ZN3tbb8internal26task_scheduler_observer_v3D0Ev]+0x1c): undefined reference to `tbb::internal::task_scheduler_observer_v3::observe(bool)'D:/Compiler/rtools40/mingw64/bin/../lib/gcc/x86_64-w64-mingw32/8.3.0/../../../../x86_64-w64-mingw32/bin/ld.exe: file693c237d79ca.o:file693c237d79ca.cpp:(.text$_ZN3tbb10interface623task_scheduler_observerD0Ev[_ZN3tbb10interface623task_scheduler_observerD0Ev]+0x1c): undefined reference to `tbb::inter
     Calls: test_check ... <Anonymous> -> <Anonymous> -> force -> cxxfunction -> compileCode
     Error in sink(type = "output") : invalid connection
     Calls: test_check ... withVisible -> <Anonymous> -> cxxfunctionplus -> sink
     Execution halted
Flavor: r-devel-windows-x86_64

Version: 0.2.0
Check: tests
Result: ERROR
     Running 'testthat.R'
    Running the tests in 'tests/testthat.R' failed.
    Complete output:
     > Sys.setenv("R_TESTS" = "")
     > library(testthat)
     > library(gppm)
     Loading required package: Rcpp
     >
     > test_check("gppm")
     make cmd is
     make -f "C:/r_packages/rinst/etc/x64/Makeconf" -f "C:/r_packages/rinst/share/make/winshlib.mk" CXX='$(CXX14) $(CXX14STD)' CXXFLAGS='$(CXX14FLAGS)' CXXPICFLAGS='$(CXX14PICFLAGS)' SHLIB_LDFLAGS='$(SHLIB_CXX14LDFLAGS)' SHLIB_LD='$(SHLIB_CXX14LD)' SHLIB="file122f843887f97.dll" WIN=64 TCLBIN= OBJECTS="file122f843887f97.o"
    
     make would use
     if test "zfile122f843887f97.o" != "z"; then \
     if test -e "file122f843887f97-win.def"; then \
     echo g++ -shared -s -static-libgcc -o file122f843887f97.dll file122f843887f97-win.def file122f843887f97.o -L"C:/r_packages/x86_64-w64-mingw32.static.posix/lib/x64" -L"C:/r_packages/x86_64-w64-mingw32.static.posix/lib" -L"C:/r_packages/rinst/bin/x64" -lR ; \
     g++ -shared -s -static-libgcc -o file122f843887f97.dll file122f843887f97-win.def file122f843887f97.o -L"C:/r_packages/x86_64-w64-mingw32.static.posix/lib/x64" -L"C:/r_packages/x86_64-w64-mingw32.static.posix/lib" -L"C:/r_packages/rinst/bin/x64" -lR ; \
     else \
     echo EXPORTS > tmp.def; \
     nm file122f843887f97.o | sed -n 's/^.* [BCDRT] / /p' | sed -e '/[.]refptr[.]/d' -e '/[.]weak[.]/d' | sed 's/[^ ][^ ]*/"&"/g' >> tmp.def; \
     echo g++ -shared -s -static-libgcc -o file122f843887f97.dll tmp.def file122f843887f97.o -L"C:/r_packages/x86_64-w64-mingw32.static.posix/lib/x64" -L"C:/r_packages/x86_64-w64-mingw32.static.posix/lib" -L"C:/r_packages/rinst/bin/x64" -lR ; \
     g++ -shared -s -static-libgcc -o file122f843887f97.dll tmp.def file122f843887f97.o -L"C:/r_packages/x86_64-w64-mingw32.static.posix/lib/x64" -L"C:/r_packages/x86_64-w64-mingw32.static.posix/lib" -L"C:/r_packages/rinst/bin/x64" -lR ; \
     rm -f tmp.def; \
     fi \
     fi
     Error in compileCode(f, code, language = language, verbose = verbose) :
     C:\r_packages\x86_64-w64-mingw32.static.posix\bin/ld.exe: file122f843887f97.o:file122f843887f97.cpp:(.text.startup+0x851e): undefined reference to `tbb::internal::task_scheduler_observer_v3::observe(bool)'C:\r_packages\x86_64-w64-mingw32.static.posix\bin/ld.exe: file122f843887f97.o:file122f843887f97.cpp:(.text.startup+0x8d4a): undefined reference to `tbb::internal::task_scheduler_observer_v3::observe(bool)'C:\r_packages\x86_64-w64-mingw32.static.posix\bin/ld.exe: file122f843887f97.o:file122f843887f97.cpp:(.text.startup+0x8d70): undefined reference to `tbb::internal::task_scheduler_observer_v3::observe(bool)'C:\r_packages\x86_64-w64-mingw32.static.posix\bin/ld.exe: file122f843887f97.o:file122f843887f97.cpp:(.text$_ZN3tbb8internal26task_scheduler_observer_v3D0Ev[_ZN3tbb8internal26task_scheduler_observer_v3D0Ev]+0x1d): undefined reference to `tbb::internal::task_scheduler_observer_v3::observe(bool)'C:\r_packages\x86_64-w64-mingw32.static.posix\bin/ld.exe: file122f843887f97.o:file
     Calls: test_check ... <Anonymous> -> <Anonymous> -> force -> cxxfunction -> compileCode
     Error in sink(type = "output") : invalid connection
     Calls: test_check ... withVisible -> <Anonymous> -> cxxfunctionplus -> sink
     Execution halted
Flavor: r-devel-windows-x86_64-gcc10-UCRT

Version: 0.2.0
Check: tests
Result: ERROR
     Running ‘testthat.R’ [24s/29s]
    Running the tests in ‘tests/testthat.R’ failed.
    Complete output:
     > Sys.setenv("R_TESTS" = "")
     > library(testthat)
     > library(gppm)
     Loading required package: Rcpp
     >
     > test_check("gppm")
Flavor: r-release-macos-arm64

Version: 0.2.0
Check: tests
Result: ERROR
     Running 'testthat.R' [67s]
    Running the tests in 'tests/testthat.R' failed.
    Complete output:
     > Sys.setenv("R_TESTS" = "")
     > library(testthat)
     > library(gppm)
     Loading required package: Rcpp
     >
     > test_check("gppm")
     make cmd is
     make -f "D:/RCompile/recent/R-41~1.1/etc/x64/Makeconf" -f "D:/RCompile/recent/R-41~1.1/etc/x64/Makevars.site" -f "D:/RCompile/recent/R-41~1.1/share/make/winshlib.mk" CXX='$(CXX14) $(CXX14STD)' CXXFLAGS='$(CXX14FLAGS)' CXXPICFLAGS='$(CXX14PICFLAGS)' SHLIB_LDFLAGS='$(SHLIB_CXX14LDFLAGS)' SHLIB_LD='$(SHLIB_CXX14LD)' SHLIB="file1203049d14cbc.dll" WIN=64 TCLBIN=64 OBJECTS="file1203049d14cbc.o"
    
     make would use
     make[1]: Entering directory '/d/temp/Rtmpm8Zuxs'
     if test "zfile1203049d14cbc.o" != "z"; then \
     if test -e "file1203049d14cbc-win.def"; then \
     echo d:/Compiler/rtools40/mingw64/bin/g++ -shared -s -static-libgcc -o file1203049d14cbc.dll file1203049d14cbc-win.def file1203049d14cbc.o -L"d:/Compiler/gcc-4.9.3/local330/lib/x64" -L"d:/Compiler/gcc-4.9.3/local330/lib" -L"D:/RCompile/recent/R-41~1.1/bin/x64" -lR ; \
     d:/Compiler/rtools40/mingw64/bin/g++ -shared -s -static-libgcc -o file1203049d14cbc.dll file1203049d14cbc-win.def file1203049d14cbc.o -L"d:/Compiler/gcc-4.9.3/local330/lib/x64" -L"d:/Compiler/gcc-4.9.3/local330/lib" -L"D:/RCompile/recent/R-41~1.1/bin/x64" -lR ; \
     else \
     echo EXPORTS > tmp.def; \
     d:/Compiler/rtools40/mingw64/bin/nm file1203049d14cbc.o | sed -n 's/^.* [BCDRT] / /p' | sed -e '/[.]refptr[.]/d' -e '/[.]weak[.]/d' | sed 's/[^ ][^ ]*/"&"/g' >> tmp.def; \
     echo d:/Compiler/rtools40/mingw64/bin/g++ -shared -s -static-libgcc -o file1203049d14cbc.dll tmp.def file1203049d14cbc.o -L"d:/Compiler/gcc-4.9.3/local330/lib/x64" -L"d:/Compiler/gcc-4.9.3/local330/lib" -L"D:/RCompile/recent/R-41~1.1/bin/x64" -lR ; \
     d:/Compiler/rtools40/mingw64/bin/g++ -shared -s -static-libgcc -o file1203049d14cbc.dll tmp.def file1203049d14cbc.o -L"d:/Compiler/gcc-4.9.3/local330/lib/x64" -L"d:/Compiler/gcc-4.9.3/local330/lib" -L"D:/RCompile/recent/R-41~1.1/bin/x64" -lR ; \
     rm -f tmp.def; \
     fi \
     fi
     make[1]: Leaving directory '/d/temp/Rtmpm8Zuxs'
     Error in compileCode(f, code, language = language, verbose = verbose) :
     D:/Compiler/rtools40/mingw64/bin/../lib/gcc/x86_64-w64-mingw32/8.3.0/../../../../x86_64-w64-mingw32/bin/ld.exe: file1203049d14cbc.o:file1203049d14cbc.cpp:(.text$_ZN3tbb8internal26task_scheduler_observer_v3D1Ev[_ZN3tbb8internal26task_scheduler_observer_v3D1Ev]+0x14): undefined reference to `tbb::internal::task_scheduler_observer_v3::observe(bool)'D:/Compiler/rtools40/mingw64/bin/../lib/gcc/x86_64-w64-mingw32/8.3.0/../../../../x86_64-w64-mingw32/bin/ld.exe: file1203049d14cbc.o:file1203049d14cbc.cpp:(.text$_ZN3tbb8internal26task_scheduler_observer_v3D0Ev[_ZN3tbb8internal26task_scheduler_observer_v3D0Ev]+0x1c): undefined reference to `tbb::internal::task_scheduler_observer_v3::observe(bool)'D:/Compiler/rtools40/mingw64/bin/../lib/gcc/x86_64-w64-mingw32/8.3.0/../../../../x86_64-w64-mingw32/bin/ld.exe: file1203049d14cbc.o:file1203049d14cbc.cpp:(.text$_ZN3tbb10interface623task_scheduler_observerD0Ev[_ZN3tbb10interface623task_scheduler_observerD0Ev]+0x1c): undefined reference to `tbb:
     Calls: test_check ... <Anonymous> -> <Anonymous> -> force -> cxxfunction -> compileCode
     Error in sink(type = "output") : invalid connection
     Calls: test_check ... withVisible -> <Anonymous> -> cxxfunctionplus -> sink
     Execution halted
Flavor: r-release-windows-ix86+x86_64

Version: 0.2.0
Check: tests
Result: ERROR
     Running 'testthat.R' [92s]
    Running the tests in 'tests/testthat.R' failed.
    Complete output:
     > Sys.setenv("R_TESTS" = "")
     > library(testthat)
     > library(gppm)
     Loading required package: Rcpp
     >
     > test_check("gppm")
     make cmd is
     make -f "D:/RCompile/recent/R-40~1.5/etc/x64/Makeconf" -f "D:/RCompile/recent/R-40~1.5/etc/x64/Makevars.site" -f "D:/RCompile/recent/R-40~1.5/share/make/winshlib.mk" CXX='$(CXX14) $(CXX14STD)' CXXFLAGS='$(CXX14FLAGS)' CXXPICFLAGS='$(CXX14PICFLAGS)' SHLIB_LDFLAGS='$(SHLIB_CXX14LDFLAGS)' SHLIB_LD='$(SHLIB_CXX14LD)' SHLIB="file68a810d7c52.dll" WIN=64 TCLBIN=64 OBJECTS="file68a810d7c52.o"
    
     make would use
     make[1]: Entering directory '/d/temp/Rtmpm8vOuK'
     if test "zfile68a810d7c52.o" != "z"; then \
     if test -e "file68a810d7c52-win.def"; then \
     echo d:/Compiler/rtools40/mingw64/bin/g++ -shared -s -static-libgcc -o file68a810d7c52.dll file68a810d7c52-win.def file68a810d7c52.o -L"d:/Compiler/gcc-4.9.3/local330/lib/x64" -L"d:/Compiler/gcc-4.9.3/local330/lib" -L"D:/RCompile/recent/R-40~1.5/bin/x64" -lR ; \
     d:/Compiler/rtools40/mingw64/bin/g++ -shared -s -static-libgcc -o file68a810d7c52.dll file68a810d7c52-win.def file68a810d7c52.o -L"d:/Compiler/gcc-4.9.3/local330/lib/x64" -L"d:/Compiler/gcc-4.9.3/local330/lib" -L"D:/RCompile/recent/R-40~1.5/bin/x64" -lR ; \
     else \
     echo EXPORTS > tmp.def; \
     d:/Compiler/rtools40/mingw64/bin/nm file68a810d7c52.o | sed -n 's/^.* [BCDRT] / /p' | sed -e '/[.]refptr[.]/d' -e '/[.]weak[.]/d' | sed 's/[^ ][^ ]*/"&"/g' >> tmp.def; \
     echo d:/Compiler/rtools40/mingw64/bin/g++ -shared -s -static-libgcc -o file68a810d7c52.dll tmp.def file68a810d7c52.o -L"d:/Compiler/gcc-4.9.3/local330/lib/x64" -L"d:/Compiler/gcc-4.9.3/local330/lib" -L"D:/RCompile/recent/R-40~1.5/bin/x64" -lR ; \
     d:/Compiler/rtools40/mingw64/bin/g++ -shared -s -static-libgcc -o file68a810d7c52.dll tmp.def file68a810d7c52.o -L"d:/Compiler/gcc-4.9.3/local330/lib/x64" -L"d:/Compiler/gcc-4.9.3/local330/lib" -L"D:/RCompile/recent/R-40~1.5/bin/x64" -lR ; \
     rm -f tmp.def; \
     fi \
     fi
     make[1]: Leaving directory '/d/temp/Rtmpm8vOuK'
     Error in compileCode(f, code, language = language, verbose = verbose) :
     D:/Compiler/rtools40/mingw64/bin/../lib/gcc/x86_64-w64-mingw32/8.3.0/../../../../x86_64-w64-mingw32/bin/ld.exe: file68a810d7c52.o:file68a810d7c52.cpp:(.text$_ZN3tbb8internal26task_scheduler_observer_v3D1Ev[_ZN3tbb8internal26task_scheduler_observer_v3D1Ev]+0x14): undefined reference to `tbb::internal::task_scheduler_observer_v3::observe(bool)'D:/Compiler/rtools40/mingw64/bin/../lib/gcc/x86_64-w64-mingw32/8.3.0/../../../../x86_64-w64-mingw32/bin/ld.exe: file68a810d7c52.o:file68a810d7c52.cpp:(.text$_ZN3tbb8internal26task_scheduler_observer_v3D0Ev[_ZN3tbb8internal26task_scheduler_observer_v3D0Ev]+0x1c): undefined reference to `tbb::internal::task_scheduler_observer_v3::observe(bool)'D:/Compiler/rtools40/mingw64/bin/../lib/gcc/x86_64-w64-mingw32/8.3.0/../../../../x86_64-w64-mingw32/bin/ld.exe: file68a810d7c52.o:file68a810d7c52.cpp:(.text$_ZN3tbb10interface623task_scheduler_observerD0Ev[_ZN3tbb10interface623task_scheduler_observerD0Ev]+0x1c): undefined reference to `tbb::internal::
     Calls: test_check ... <Anonymous> -> <Anonymous> -> force -> cxxfunction -> compileCode
     Error in sink(type = "output") : invalid connection
     Calls: test_check ... eval -> eval -> <Anonymous> -> cxxfunctionplus -> sink
     Execution halted
Flavor: r-oldrel-windows-ix86+x86_64