Last updated on 2023-06-05 09:54:02 CEST.
Flavor | Version | Tinstall | Tcheck | Ttotal | Status | Flags |
---|---|---|---|---|---|---|
r-devel-linux-x86_64-debian-clang | 0.2.1 | 8.50 | 79.96 | 88.46 | OK | |
r-devel-linux-x86_64-debian-gcc | 0.2.1 | 5.61 | 59.41 | 65.02 | OK | |
r-devel-linux-x86_64-fedora-clang | 0.2.1 | 110.35 | NOTE | |||
r-devel-linux-x86_64-fedora-gcc | 0.2.1 | 115.78 | OK | |||
r-devel-windows-x86_64 | 0.2.1 | 9.00 | 98.00 | 107.00 | NOTE | |
r-patched-linux-x86_64 | 0.2.1 | 5.97 | 75.12 | 81.09 | OK | |
r-release-linux-x86_64 | 0.2.1 | 7.23 | 75.94 | 83.17 | OK | |
r-release-macos-arm64 | 0.2.1 | 96.00 | NOTE | |||
r-release-macos-x86_64 | 0.2.1 | 128.00 | NOTE | |||
r-release-windows-x86_64 | 0.2.1 | 11.00 | 110.00 | 121.00 | NOTE | |
r-oldrel-macos-arm64 | 0.2.1 | 78.00 | NOTE | |||
r-oldrel-macos-x86_64 | 0.2.1 | 103.00 | NOTE | |||
r-oldrel-windows-x86_64 | 0.2.1 | 11.00 | 113.00 | 124.00 | NOTE |
Version: 0.2.1
Check: installed package size
Result: NOTE
installed size is 5.5Mb
sub-directories of 1Mb or more:
doc 5.3Mb
Flavors: r-devel-linux-x86_64-fedora-clang, r-devel-windows-x86_64, r-release-macos-arm64, r-release-macos-x86_64, r-release-windows-x86_64, r-oldrel-macos-arm64, r-oldrel-macos-x86_64, r-oldrel-windows-x86_64