CRAN Package Check Results for Package gprofiler2

Last updated on 2022-09-28 00:52:43 CEST.

Flavor Version Tinstall Tcheck Ttotal Status Flags
r-devel-linux-x86_64-debian-clang 0.2.1 10.12 89.27 99.39 OK
r-devel-linux-x86_64-debian-gcc 0.2.1 6.74 66.17 72.91 OK
r-devel-linux-x86_64-fedora-clang 0.2.1 132.85 NOTE
r-devel-linux-x86_64-fedora-gcc 0.2.1 131.98 OK
r-devel-windows-x86_64 0.2.1 25.00 146.00 171.00 NOTE
r-patched-linux-x86_64 0.2.1 9.25 84.56 93.81 OK
r-release-linux-x86_64 0.2.1 8.60 82.53 91.13 OK
r-release-macos-arm64 0.2.1 78.00 NOTE
r-release-macos-x86_64 0.2.1 103.00 NOTE
r-release-windows-x86_64 0.2.1 34.00 154.00 188.00 NOTE
r-oldrel-macos-arm64 0.2.1 174.00 NOTE
r-oldrel-macos-x86_64 0.2.1 92.00 NOTE
r-oldrel-windows-ix86+x86_64 0.2.1 20.00 146.00 166.00 NOTE

Check Details

Version: 0.2.1
Check: installed package size
Result: NOTE
     installed size is 5.5Mb
     sub-directories of 1Mb or more:
     doc 5.3Mb
Flavors: r-devel-linux-x86_64-fedora-clang, r-devel-windows-x86_64, r-release-macos-arm64, r-release-macos-x86_64, r-release-windows-x86_64, r-oldrel-macos-arm64, r-oldrel-macos-x86_64, r-oldrel-windows-ix86+x86_64