CRAN Package Check Results for Package gradientPickerD3

Last updated on 2021-09-28 01:49:24 CEST.

Flavor Version Tinstall Tcheck Ttotal Status Flags
r-devel-linux-x86_64-debian-clang 0.1.0.0 2.79 32.68 35.47 NOTE
r-devel-linux-x86_64-debian-gcc 0.1.0.0 2.74 26.03 28.77 NOTE
r-devel-linux-x86_64-fedora-clang 0.1.0.0 55.36 NOTE
r-devel-linux-x86_64-fedora-gcc 0.1.0.0 41.67 NOTE
r-devel-windows-x86_64 0.1.0.0 6.00 39.00 45.00 NOTE
r-devel-windows-x86_64-gcc10-UCRT 0.1.0.0 NOTE
r-patched-linux-x86_64 0.1.0.0 6.38 31.65 38.03 NOTE
r-patched-solaris-x86 0.1.0.0 67.20 NOTE
r-release-linux-x86_64 0.1.0.0 3.35 32.10 35.45 NOTE
r-release-macos-arm64 0.1.0.0 NOTE
r-release-macos-x86_64 0.1.0.0 NOTE
r-release-windows-ix86+x86_64 0.1.0.0 8.00 40.00 48.00 NOTE
r-oldrel-macos-x86_64 0.1.0.0 OK
r-oldrel-windows-ix86+x86_64 0.1.0.0 6.00 39.00 45.00 OK

Check Details

Version: 0.1.0.0
Check: LazyData
Result: NOTE
     'LazyData' is specified without a 'data' directory
Flavors: r-devel-linux-x86_64-debian-clang, r-devel-linux-x86_64-debian-gcc, r-devel-linux-x86_64-fedora-clang, r-devel-linux-x86_64-fedora-gcc, r-devel-windows-x86_64, r-devel-windows-x86_64-gcc10-UCRT, r-patched-linux-x86_64, r-patched-solaris-x86, r-release-linux-x86_64, r-release-macos-arm64, r-release-macos-x86_64, r-release-windows-ix86+x86_64