Last updated on 2023-11-28 08:56:27 CET.
Flavor | Version | Tinstall | Tcheck | Ttotal | Status | Flags |
---|---|---|---|---|---|---|
r-devel-linux-x86_64-debian-clang | 0.2.2 | 18.57 | 196.71 | 215.28 | NOTE | |
r-devel-linux-x86_64-debian-gcc | 0.2.2 | 14.43 | 146.13 | 160.56 | NOTE | |
r-devel-linux-x86_64-fedora-clang | 0.2.2 | 277.39 | OK | |||
r-devel-linux-x86_64-fedora-gcc | 0.2.2 | 284.65 | OK | |||
r-devel-windows-x86_64 | 0.2.2 | 22.00 | 174.00 | 196.00 | OK | |
r-patched-linux-x86_64 | 0.2.2 | 14.42 | 187.66 | 202.08 | OK | |
r-release-linux-x86_64 | 0.2.2 | 12.57 | 185.37 | 197.94 | OK | |
r-release-macos-arm64 | 0.2.2 | 81.00 | NOTE | |||
r-release-macos-x86_64 | 0.2.2 | 167.00 | NOTE | |||
r-release-windows-x86_64 | 0.2.2 | 28.00 | 212.00 | 240.00 | OK | |
r-oldrel-macos-arm64 | 0.2.2 | 75.00 | NOTE | |||
r-oldrel-macos-x86_64 | 0.2.2 | 92.00 | OK | |||
r-oldrel-windows-x86_64 | 0.2.2 | 26.00 | 195.00 | 221.00 | OK |
Version: 0.2.2
Check: Rd files
Result: NOTE
checkRd: (-1) EstimateRegulation.Rd:65: Lost braces in \itemize; \value handles \item{}{} directly
checkRd: (-1) EstimateRegulation.Rd:66: Lost braces in \itemize; \value handles \item{}{} directly
checkRd: (-1) EstimateRegulation.Rd:67: Lost braces in \itemize; \value handles \item{}{} directly
checkRd: (-1) EstimateRegulation.Rd:68: Lost braces in \itemize; \value handles \item{}{} directly
checkRd: (-1) EstimateRegulation.Rd:69: Lost braces in \itemize; \value handles \item{}{} directly
checkRd: (-1) EstimateRegulation.Rd:70: Lost braces in \itemize; \value handles \item{}{} directly
checkRd: (-1) EstimateRegulation.Rd:71: Lost braces in \itemize; \value handles \item{}{} directly
checkRd: (-1) EstimateRegulation.Rd:72: Lost braces in \itemize; \value handles \item{}{} directly
checkRd: (-1) EstimateRegulation.Rd:73: Lost braces in \itemize; \value handles \item{}{} directly
checkRd: (-1) EstimateRegulation.Rd:74: Lost braces in \itemize; \value handles \item{}{} directly
checkRd: (-1) EstimateRegulation.Rd:75: Lost braces in \itemize; \value handles \item{}{} directly
checkRd: (-1) EstimateRegulation.Rd:76: Lost braces in \itemize; \value handles \item{}{} directly
checkRd: (-1) FitKineticsSnapshot.Rd:62: Lost braces in \itemize; \value handles \item{}{} directly
checkRd: (-1) FitKineticsSnapshot.Rd:63: Lost braces in \itemize; \value handles \item{}{} directly
checkRd: (-1) FitKineticsSnapshot.Rd:64: Lost braces in \itemize; \value handles \item{}{} directly
checkRd: (-1) FitKineticsSnapshot.Rd:65: Lost braces in \itemize; \value handles \item{}{} directly
checkRd: (-1) FitKineticsSnapshot.Rd:66: Lost braces in \itemize; \value handles \item{}{} directly
checkRd: (-1) FitKineticsSnapshot.Rd:67: Lost braces in \itemize; \value handles \item{}{} directly
checkRd: (-1) LFC.Rd:41: Lost braces in \itemize; \value handles \item{}{} directly
checkRd: (-1) LikelihoodRatioTest.Rd:44: Lost braces in \itemize; \value handles \item{}{} directly
checkRd: (-1) LikelihoodRatioTest.Rd:45: Lost braces in \itemize; \value handles \item{}{} directly
checkRd: (-1) LikelihoodRatioTest.Rd:46: Lost braces in \itemize; \value handles \item{}{} directly
checkRd: (-1) LikelihoodRatioTest.Rd:47: Lost braces in \itemize; \value handles \item{}{} directly
checkRd: (-1) LikelihoodRatioTest.Rd:48: Lost braces in \itemize; \value handles \item{}{} directly
checkRd: (-1) Pairwise.Rd:38: Lost braces in \itemize; \value handles \item{}{} directly
checkRd: (-1) Pairwise.Rd:39: Lost braces in \itemize; \value handles \item{}{} directly
checkRd: (-1) Pairwise.Rd:40: Lost braces in \itemize; \value handles \item{}{} directly
checkRd: (-1) Pairwise.Rd:41: Lost braces in \itemize; \value handles \item{}{} directly
checkRd: (-1) Pairwise.Rd:42: Lost braces in \itemize; \value handles \item{}{} directly
checkRd: (-1) PairwiseDESeq2.Rd:41: Lost braces in \itemize; \value handles \item{}{} directly
checkRd: (-1) PairwiseDESeq2.Rd:42: Lost braces in \itemize; \value handles \item{}{} directly
checkRd: (-1) PairwiseDESeq2.Rd:43: Lost braces in \itemize; \value handles \item{}{} directly
checkRd: (-1) PairwiseDESeq2.Rd:44: Lost braces in \itemize; \value handles \item{}{} directly
checkRd: (-1) PairwiseDESeq2.Rd:45: Lost braces in \itemize; \value handles \item{}{} directly
checkRd: (-1) PlotGeneProgressiveTimecourse.Rd:28: Lost braces
28 | \item{type}{how to fit the model (see link{FitKinetics})}
| ^
Flavors: r-devel-linux-x86_64-debian-clang, r-devel-linux-x86_64-debian-gcc
Version: 0.2.2
Check: package dependencies
Result: NOTE
Package suggested but not available for checking: ‘monocle’
Flavors: r-release-macos-arm64, r-release-macos-x86_64, r-oldrel-macos-arm64
Version: 0.2.2
Check: Rd cross-references
Result: NOTE
Package unavailable to check Rd xrefs: ‘monocle’
Flavors: r-release-macos-arm64, r-release-macos-x86_64, r-oldrel-macos-arm64