Last updated on 2024-03-28 23:55:08 CET.
Flavor | Version | Tinstall | Tcheck | Ttotal | Status | Flags |
---|---|---|---|---|---|---|
r-devel-linux-x86_64-debian-clang | 1.8.0 | 18.42 | 209.26 | 227.68 | OK | |
r-devel-linux-x86_64-debian-gcc | 1.8.0 | 9.88 | 153.01 | 162.89 | OK | |
r-devel-linux-x86_64-fedora-clang | 1.8.0 | 298.06 | NOTE | |||
r-devel-linux-x86_64-fedora-gcc | 1.8.0 | 292.76 | NOTE | |||
r-devel-windows-x86_64 | 1.8.0 | 16.00 | 255.00 | 271.00 | OK | |
r-patched-linux-x86_64 | 1.8.0 | 11.81 | 204.18 | 215.99 | OK | |
r-release-linux-x86_64 | 1.8.0 | 10.77 | 195.61 | 206.38 | OK | |
r-release-macos-arm64 | 1.8.0 | 84.00 | OK | |||
r-release-macos-x86_64 | 1.8.0 | 138.00 | OK | |||
r-release-windows-x86_64 | 1.8.0 | 21.00 | 230.00 | 251.00 | OK | |
r-oldrel-macos-arm64 | 1.8.0 | 68.00 | OK | |||
r-oldrel-windows-x86_64 | 1.8.0 | 22.00 | 222.00 | 244.00 | OK |
Version: 1.8.0
Check: dependencies in R code
Result: NOTE
Namespace in Imports field not imported from: ‘Rdpack’
All declared Imports should be used.
Flavors: r-devel-linux-x86_64-fedora-clang, r-devel-linux-x86_64-fedora-gcc