Last updated on 2023-06-08 08:55:23 CEST.
Flavor | Version | Tinstall | Tcheck | Ttotal | Status | Flags |
---|---|---|---|---|---|---|
r-devel-linux-x86_64-debian-clang | 0.5.3 | 5.67 | 45.71 | 51.38 | OK | |
r-devel-linux-x86_64-debian-gcc | 0.5.3 | 3.80 | 34.65 | 38.45 | OK | |
r-devel-linux-x86_64-fedora-clang | 0.5.3 | 64.43 | NOTE | |||
r-devel-linux-x86_64-fedora-gcc | 0.5.3 | 59.60 | NOTE | |||
r-devel-windows-x86_64 | 0.5.3 | 6.00 | 56.00 | 62.00 | OK | |
r-patched-linux-x86_64 | 0.5.3 | 5.12 | 43.23 | 48.35 | OK | |
r-release-linux-x86_64 | 0.5.3 | 3.35 | 43.15 | 46.50 | OK | |
r-release-macos-arm64 | 0.5.3 | 24.00 | OK | |||
r-release-macos-x86_64 | 0.5.3 | 34.00 | OK | |||
r-release-windows-x86_64 | 0.5.3 | 7.00 | 60.00 | 67.00 | OK | |
r-oldrel-macos-arm64 | 0.5.3 | 23.00 | NOTE | |||
r-oldrel-macos-x86_64 | 0.5.3 | 72.00 | NOTE | |||
r-oldrel-windows-x86_64 | 0.5.3 | 7.00 | 63.00 | 70.00 | OK |
Version: 0.5.3
Check: dependencies in R code
Result: NOTE
Namespace in Imports field not imported from: ‘utils’
All declared Imports should be used.
Flavors: r-devel-linux-x86_64-fedora-clang, r-devel-linux-x86_64-fedora-gcc, r-oldrel-macos-arm64, r-oldrel-macos-x86_64