CRAN Package Check Results for Package graphTweets

Last updated on 2024-06-18 16:49:51 CEST.

Flavor Version Tinstall Tcheck Ttotal Status Flags
r-devel-linux-x86_64-debian-clang 0.5.3 5.03 46.30 51.33 OK
r-devel-linux-x86_64-debian-gcc 0.5.3 4.19 35.59 39.78 OK
r-devel-linux-x86_64-fedora-clang 0.5.3 65.17 NOTE
r-devel-linux-x86_64-fedora-gcc 0.5.3 61.62 NOTE
r-devel-windows-x86_64 0.5.3 5.00 55.00 60.00 OK
r-patched-linux-x86_64 0.5.3 3.91 43.93 47.84 OK
r-release-linux-x86_64 0.5.3 3.37 44.68 48.05 OK
r-release-macos-arm64 0.5.3 24.00 OK
r-release-macos-x86_64 0.5.3 34.00 OK
r-release-windows-x86_64 0.5.3 6.00 54.00 60.00 OK
r-oldrel-macos-arm64 0.5.3 24.00 OK
r-oldrel-macos-x86_64 0.5.3 34.00 OK
r-oldrel-windows-x86_64 0.5.3 8.00 62.00 70.00 OK

Check Details

Version: 0.5.3
Check: dependencies in R code
Result: NOTE Namespace in Imports field not imported from: ‘utils’ All declared Imports should be used. Flavors: r-devel-linux-x86_64-fedora-clang, r-devel-linux-x86_64-fedora-gcc