Last updated on 2024-07-18 00:54:55 CEST.
Flavor | Version | Tinstall | Tcheck | Ttotal | Status | Flags |
---|---|---|---|---|---|---|
r-devel-linux-x86_64-debian-clang | 1.0.0 | 11.95 | 136.94 | 148.89 | NOTE | |
r-devel-linux-x86_64-debian-gcc | 1.0.0 | 9.03 | 100.46 | 109.49 | NOTE | |
r-devel-linux-x86_64-fedora-clang | 1.0.0 | 196.58 | NOTE | |||
r-devel-linux-x86_64-fedora-gcc | 1.0.0 | 191.84 | NOTE | |||
r-devel-windows-x86_64 | 1.0.0 | 13.00 | 126.00 | 139.00 | NOTE | |
r-patched-linux-x86_64 | 1.0.0 | 10.45 | 128.51 | 138.96 | NOTE | |
r-release-linux-x86_64 | 1.0.0 | 11.67 | 127.42 | 139.09 | NOTE | |
r-release-macos-arm64 | 1.0.0 | 58.00 | NOTE | |||
r-release-macos-x86_64 | 1.0.0 | 87.00 | NOTE | |||
r-release-windows-x86_64 | 1.0.0 | 11.00 | 123.00 | 134.00 | NOTE | |
r-oldrel-macos-arm64 | 1.0.0 | 67.00 | NOTE | |||
r-oldrel-macos-x86_64 | 1.0.0 | 98.00 | NOTE | |||
r-oldrel-windows-x86_64 | 1.0.0 | 15.00 | 147.00 | 162.00 | NOTE |
Version: 1.0.0
Check: LazyData
Result: NOTE
'LazyData' is specified without a 'data' directory
Flavors: r-devel-linux-x86_64-debian-clang, r-devel-linux-x86_64-debian-gcc, r-devel-linux-x86_64-fedora-clang, r-devel-linux-x86_64-fedora-gcc, r-devel-windows-x86_64, r-patched-linux-x86_64, r-release-linux-x86_64, r-release-macos-arm64, r-release-macos-x86_64, r-release-windows-x86_64, r-oldrel-macos-arm64, r-oldrel-macos-x86_64, r-oldrel-windows-x86_64
Version: 1.0.0
Check: dependencies in R code
Result: NOTE
Namespace in Imports field not imported from: ‘reshape2’
All declared Imports should be used.
Flavors: r-devel-linux-x86_64-fedora-clang, r-devel-linux-x86_64-fedora-gcc