Last updated on 2024-04-18 16:49:56 CEST.
Flavor | Version | Tinstall | Tcheck | Ttotal | Status | Flags |
---|---|---|---|---|---|---|
r-devel-linux-x86_64-debian-clang | 0.3.1 | 17.05 | 149.62 | 166.67 | OK | |
r-devel-linux-x86_64-debian-gcc | 0.3.1 | 13.36 | 111.04 | 124.40 | OK | |
r-devel-linux-x86_64-fedora-clang | 0.3.1 | 222.58 | NOTE | |||
r-devel-linux-x86_64-fedora-gcc | 0.3.1 | 229.78 | OK | |||
r-prerel-macos-arm64 | 0.3.1 | 189.00 | OK | |||
r-prerel-macos-x86_64 | 0.3.1 | 445.00 | OK | |||
r-prerel-windows-x86_64 | 0.3.1 | 15.00 | 381.00 | 396.00 | OK | |
r-patched-linux-x86_64 | 0.3.1 | 11.48 | 143.90 | 155.38 | OK | |
r-release-linux-x86_64 | 0.3.1 | 11.12 | 147.10 | 158.22 | OK | |
r-release-macos-arm64 | 0.3.1 | 195.00 | OK | |||
r-release-macos-x86_64 | 0.3.1 | 478.00 | OK | |||
r-release-windows-x86_64 | 0.3.1 | 19.00 | 498.00 | 517.00 | OK | |
r-oldrel-macos-arm64 | 0.3.1 | 181.00 | OK | |||
r-oldrel-windows-x86_64 | 0.3.1 | 19.00 | 462.00 | 481.00 | OK |
Version: 0.3.1
Check: Rd cross-references
Result: NOTE
Undeclared package ‘glasso’ in Rd xrefs
Flavor: r-devel-linux-x86_64-fedora-clang