CRAN Package Check Results for Package graphkernels

Last updated on 2023-06-04 08:57:11 CEST.

Flavor Version Tinstall Tcheck Ttotal Status Flags
r-devel-linux-x86_64-debian-clang 1.6.1 47.39 61.26 108.65 NOTE
r-devel-linux-x86_64-debian-gcc 1.6.1 41.64 50.20 91.84 NOTE
r-devel-linux-x86_64-fedora-clang 1.6.1 146.66 NOTE
r-devel-linux-x86_64-fedora-gcc 1.6.1 160.22 NOTE
r-devel-windows-x86_64 1.6.1 40.00 94.00 134.00 NOTE
r-patched-linux-x86_64 1.6.1 44.64 63.53 108.17 NOTE
r-release-linux-x86_64 1.6.1 45.07 63.13 108.20 NOTE
r-release-macos-arm64 1.6.1 51.00 NOTE
r-release-macos-x86_64 1.6.1 75.00 NOTE
r-release-windows-x86_64 1.6.1 49.00 109.00 158.00 NOTE
r-oldrel-macos-arm64 1.6.1 50.00 NOTE
r-oldrel-macos-x86_64 1.6.1 63.00 NOTE
r-oldrel-windows-x86_64 1.6.1 48.00 110.00 158.00 OK

Check Details

Version: 1.6.1
Check: C++ specification
Result: NOTE
     Specified C++11: please drop specification unless essential
Flavors: r-devel-linux-x86_64-debian-clang, r-devel-linux-x86_64-debian-gcc, r-devel-linux-x86_64-fedora-clang, r-devel-linux-x86_64-fedora-gcc, r-devel-windows-x86_64, r-patched-linux-x86_64, r-release-linux-x86_64, r-release-macos-arm64, r-release-macos-x86_64, r-release-windows-x86_64

Version: 1.6.1
Check: installed package size
Result: NOTE
     installed size is 11.7Mb
     sub-directories of 1Mb or more:
     libs 11.5Mb
Flavors: r-release-macos-arm64, r-release-macos-x86_64, r-oldrel-macos-arm64, r-oldrel-macos-x86_64