Last updated on 2024-03-28 23:55:08 CET.
Flavor | Version | Tinstall | Tcheck | Ttotal | Status | Flags |
---|---|---|---|---|---|---|
r-devel-linux-x86_64-debian-clang | 1.1.1 | 102.19 | 83.11 | 185.30 | OK | |
r-devel-linux-x86_64-debian-gcc | 1.1.1 | 72.75 | 61.25 | 134.00 | OK | |
r-devel-linux-x86_64-fedora-clang | 1.1.1 | 256.60 | NOTE | |||
r-devel-linux-x86_64-fedora-gcc | 1.1.1 | 262.24 | NOTE | |||
r-devel-windows-x86_64 | 1.1.1 | 75.00 | 125.00 | 200.00 | NOTE | |
r-patched-linux-x86_64 | 1.1.1 | 102.31 | 81.06 | 183.37 | OK | |
r-release-linux-x86_64 | 1.1.1 | 95.88 | 79.62 | 175.50 | OK | |
r-release-macos-arm64 | 1.1.1 | 66.00 | NOTE | |||
r-release-macos-x86_64 | 1.1.1 | 107.00 | NOTE | |||
r-release-windows-x86_64 | 1.1.1 | 92.00 | 144.00 | 236.00 | NOTE | |
r-oldrel-macos-arm64 | 1.1.1 | 62.00 | NOTE | |||
r-oldrel-windows-x86_64 | 1.1.1 | 84.00 | 143.00 | 227.00 | NOTE |
Version: 1.1.1
Check: data for non-ASCII characters
Result: NOTE
Note: found 22 marked UTF-8 strings
Flavors: r-devel-linux-x86_64-fedora-clang, r-devel-linux-x86_64-fedora-gcc
Version: 1.1.1
Check: installed package size
Result: NOTE
installed size is 5.3Mb
sub-directories of 1Mb or more:
doc 1.9Mb
help 2.0Mb
libs 1.1Mb
Flavors: r-devel-windows-x86_64, r-release-macos-arm64, r-release-macos-x86_64, r-release-windows-x86_64, r-oldrel-macos-arm64, r-oldrel-windows-x86_64