CRAN Package Check Results for Package gratis

Last updated on 2021-09-23 12:57:50 CEST.

Flavor Version Tinstall Tcheck Ttotal Status Flags
r-devel-linux-x86_64-debian-clang 0.2.1 14.93 128.56 143.49 OK
r-devel-linux-x86_64-debian-gcc 0.2.1 13.80 94.43 108.23 OK
r-devel-linux-x86_64-fedora-clang 0.2.1 177.01 OK
r-devel-linux-x86_64-fedora-gcc 0.2.1 165.94 OK
r-devel-windows-x86_64 0.2.1 20.00 109.00 129.00 OK
r-devel-windows-x86_64-gcc10-UCRT 0.2.1 ERROR
r-patched-linux-x86_64 0.2.1 14.52 122.53 137.05 OK
r-patched-solaris-x86 0.2.1 202.20 OK
r-release-linux-x86_64 0.2.1 11.33 121.98 133.31 OK
r-release-macos-arm64 0.2.1 OK
r-release-macos-x86_64 0.2.1 OK
r-release-windows-ix86+x86_64 0.2.1 37.00 110.00 147.00 OK
r-oldrel-macos-x86_64 0.2.1 OK
r-oldrel-windows-ix86+x86_64 0.2.1 26.00 106.00 132.00 OK

Check Details

Version: 0.2.1
Check: PDF version of manual
Result: WARN
    LaTeX errors when creating PDF version.
    This typically indicates Rd problems.
Flavor: r-devel-windows-x86_64-gcc10-UCRT

Version: 0.2.1
Check: PDF version of manual without hyperrefs or index
Result: ERROR
    Re-running with no redirection of stdout/stderr.
Flavor: r-devel-windows-x86_64-gcc10-UCRT