Last updated on 2024-04-19 16:58:43 CEST.
Flavor | Version | Tinstall | Tcheck | Ttotal | Status | Flags |
---|---|---|---|---|---|---|
r-devel-linux-x86_64-debian-clang | 0.6.1 | 390.45 | 304.20 | 694.65 | NOTE | |
r-devel-linux-x86_64-debian-gcc | 0.6.1 | NOTE | ||||
r-devel-linux-x86_64-fedora-clang | 0.6.1 | 998.18 | NOTE | |||
r-devel-linux-x86_64-fedora-gcc | 0.6.1 | 1024.07 | NOTE | |||
r-prerel-macos-arm64 | 0.6.1 | 196.00 | NOTE | |||
r-prerel-windows-x86_64 | 0.6.1 | 308.00 | 305.00 | 613.00 | NOTE | |
r-patched-linux-x86_64 | 0.6.1 | 412.52 | 299.72 | 712.24 | NOTE | |
r-release-linux-x86_64 | 0.6.1 | 408.60 | 310.04 | 718.64 | NOTE | |
r-release-macos-arm64 | 0.6.1 | 258.00 | NOTE | |||
r-release-macos-x86_64 | 0.6.1 | 425.00 | NOTE | |||
r-release-windows-x86_64 | 0.6.1 | 377.00 | 358.00 | 735.00 | NOTE | |
r-oldrel-macos-arm64 | 0.6.1 | 212.00 | NOTE | |||
r-oldrel-windows-x86_64 | 0.6.1 | 373.00 | 335.00 | 708.00 | OK |
Version: 0.6.1
Check: C++ specification
Result: NOTE
Specified C++11: please drop specification unless essential
Flavors: r-devel-linux-x86_64-debian-clang, r-devel-linux-x86_64-debian-gcc, r-devel-linux-x86_64-fedora-clang, r-devel-linux-x86_64-fedora-gcc, r-prerel-macos-arm64, r-prerel-windows-x86_64, r-patched-linux-x86_64, r-release-linux-x86_64, r-release-macos-arm64, r-release-macos-x86_64, r-release-windows-x86_64
Version: 0.6.1
Check: data for non-ASCII characters
Result: NOTE
Note: found 989 marked UTF-8 strings
Flavors: r-devel-linux-x86_64-fedora-clang, r-devel-linux-x86_64-fedora-gcc, r-oldrel-macos-arm64
Version: 0.6.1
Check: installed package size
Result: NOTE
installed size is 18.5Mb
sub-directories of 1Mb or more:
libs 16.1Mb
Flavors: r-prerel-macos-arm64, r-release-macos-arm64, r-release-macos-x86_64, r-oldrel-macos-arm64