Last updated on 2023-10-04 00:58:25 CEST.
Flavor | Version | Tinstall | Tcheck | Ttotal | Status | Flags |
---|---|---|---|---|---|---|
r-devel-linux-x86_64-debian-clang | 0.6.1 | 382.80 | 359.37 | 742.17 | NOTE | |
r-devel-linux-x86_64-debian-gcc | 0.6.1 | 297.94 | 232.01 | 529.95 | NOTE | |
r-devel-linux-x86_64-fedora-clang | 0.6.1 | 1021.19 | NOTE | |||
r-devel-linux-x86_64-fedora-gcc | 0.6.1 | 1110.07 | NOTE | |||
r-devel-windows-x86_64 | 0.6.1 | 298.00 | 309.00 | 607.00 | NOTE | |
r-patched-linux-x86_64 | 0.6.1 | 386.54 | 306.06 | 692.60 | NOTE | |
r-release-linux-x86_64 | 0.6.1 | 404.35 | 316.78 | 721.13 | NOTE | |
r-release-macos-arm64 | 0.6.1 | 258.00 | NOTE | |||
r-release-macos-x86_64 | 0.6.1 | 425.00 | NOTE | |||
r-release-windows-x86_64 | 0.6.1 | 384.00 | 361.00 | 745.00 | NOTE | |
r-oldrel-macos-arm64 | 0.6.1 | 212.00 | NOTE | |||
r-oldrel-macos-x86_64 | 0.6.1 | 279.00 | NOTE | |||
r-oldrel-windows-x86_64 | 0.6.1 | 375.00 | 347.00 | 722.00 | OK |
Version: 0.6.1
Check: C++ specification
Result: NOTE
Specified C++11: please drop specification unless essential
Flavors: r-devel-linux-x86_64-debian-clang, r-devel-linux-x86_64-debian-gcc, r-devel-linux-x86_64-fedora-clang, r-devel-linux-x86_64-fedora-gcc, r-devel-windows-x86_64, r-patched-linux-x86_64, r-release-linux-x86_64, r-release-macos-arm64, r-release-macos-x86_64, r-release-windows-x86_64
Version: 0.6.1
Check: data for non-ASCII characters
Result: NOTE
Note: found 989 marked UTF-8 strings
Flavors: r-devel-linux-x86_64-fedora-clang, r-devel-linux-x86_64-fedora-gcc, r-oldrel-macos-arm64, r-oldrel-macos-x86_64
Version: 0.6.1
Check: installed package size
Result: NOTE
installed size is 19.6Mb
sub-directories of 1Mb or more:
libs 17.3Mb
Flavors: r-release-macos-arm64, r-release-macos-x86_64, r-oldrel-macos-arm64, r-oldrel-macos-x86_64