Last updated on 2024-04-19 01:04:34 CEST.
Flavor | Version | Tinstall | Tcheck | Ttotal | Status | Flags |
---|---|---|---|---|---|---|
r-devel-linux-x86_64-debian-clang | 1.0.2 | 2.11 | 31.19 | 33.30 | NOTE | |
r-devel-linux-x86_64-debian-gcc | 1.0.2 | 2.71 | 24.40 | 27.11 | NOTE | |
r-devel-linux-x86_64-fedora-clang | 1.0.2 | 43.78 | NOTE | |||
r-devel-linux-x86_64-fedora-gcc | 1.0.2 | 41.38 | NOTE | |||
r-prerel-macos-arm64 | 1.0.2 | 19.00 | OK | |||
r-prerel-windows-x86_64 | 1.0.2 | 4.00 | 45.00 | 49.00 | NOTE | |
r-patched-linux-x86_64 | 1.0.2 | 3.45 | 30.58 | 34.03 | NOTE | |
r-release-linux-x86_64 | 1.0.2 | 3.63 | 29.77 | 33.40 | OK | |
r-release-macos-arm64 | 1.0.2 | 21.00 | OK | |||
r-release-macos-x86_64 | 1.0.2 | 38.00 | OK | |||
r-release-windows-x86_64 | 1.0.2 | 5.00 | 47.00 | 52.00 | OK | |
r-oldrel-macos-arm64 | 1.0.2 | 22.00 | OK | |||
r-oldrel-windows-x86_64 | 1.0.2 | 5.00 | 52.00 | 57.00 | OK |
Version: 1.0.2
Check: HTML version of manual
Result: NOTE
Found the following HTML validation problems:
summary_greek.html:58:1 (summary_greek.Rd:22): Warning: trimming empty <dt>
Flavors: r-devel-linux-x86_64-debian-clang, r-devel-linux-x86_64-debian-gcc, r-devel-linux-x86_64-fedora-clang, r-devel-linux-x86_64-fedora-gcc, r-prerel-windows-x86_64, r-patched-linux-x86_64