Last updated on 2023-06-08 08:55:23 CEST.
Flavor | Version | Tinstall | Tcheck | Ttotal | Status | Flags |
---|---|---|---|---|---|---|
r-devel-linux-x86_64-debian-clang | 0.7-3 | 20.02 | 138.89 | 158.91 | NOTE | |
r-devel-linux-x86_64-debian-gcc | 0.7-3 | 14.70 | 103.24 | 117.94 | NOTE | |
r-devel-linux-x86_64-fedora-clang | 0.7-3 | 192.56 | NOTE | |||
r-devel-linux-x86_64-fedora-gcc | 0.7-3 | 188.40 | NOTE | |||
r-devel-windows-x86_64 | 0.7-3 | 17.00 | 110.00 | 127.00 | NOTE | |
r-patched-linux-x86_64 | 0.7-3 | 15.94 | 128.93 | 144.87 | NOTE | |
r-release-linux-x86_64 | 0.7-3 | 12.11 | 130.58 | 142.69 | NOTE | |
r-release-macos-arm64 | 0.7-3 | 57.00 | NOTE | |||
r-release-macos-x86_64 | 0.7-3 | 90.00 | NOTE | |||
r-release-windows-x86_64 | 0.7-3 | 21.00 | 136.00 | 157.00 | NOTE | |
r-oldrel-macos-arm64 | 0.7-3 | 55.00 | NOTE | |||
r-oldrel-macos-x86_64 | 0.7-3 | 73.00 | NOTE | |||
r-oldrel-windows-x86_64 | 0.7-3 | 21.00 | 137.00 | 158.00 | NOTE |
Version: 0.7-3
Check: R code for possible problems
Result: NOTE
accrualReport: multiple local function definitions for ‘gg’ with
different formal arguments
Flavors: r-devel-linux-x86_64-debian-clang, r-devel-linux-x86_64-debian-gcc, r-devel-linux-x86_64-fedora-clang, r-devel-linux-x86_64-fedora-gcc, r-devel-windows-x86_64, r-patched-linux-x86_64, r-release-linux-x86_64, r-release-macos-arm64, r-release-macos-x86_64, r-release-windows-x86_64, r-oldrel-macos-arm64, r-oldrel-macos-x86_64, r-oldrel-windows-x86_64