CRAN Package Check Results for Package gridBase

Last updated on 2021-10-20 04:55:21 CEST.

Flavor Version Tinstall Tcheck Ttotal Status Flags
r-devel-linux-x86_64-debian-clang 0.4-7 2.16 25.67 27.83 NOTE
r-devel-linux-x86_64-debian-gcc 0.4-7 1.66 20.34 22.00 NOTE
r-devel-linux-x86_64-fedora-clang 0.4-7 45.57 NOTE
r-devel-linux-x86_64-fedora-gcc 0.4-7 34.66 NOTE
r-devel-windows-x86_64 0.4-7 3.00 36.00 39.00 NOTE
r-devel-windows-x86_64-gcc10-UCRT 0.4-7 NOTE
r-patched-linux-x86_64 0.4-7 2.21 25.11 27.32 NOTE
r-patched-solaris-x86 0.4-7 53.50 NOTE
r-release-linux-x86_64 0.4-7 2.16 25.81 27.97 NOTE
r-release-macos-arm64 0.4-7 NOTE
r-release-macos-x86_64 0.4-7 NOTE
r-release-windows-ix86+x86_64 0.4-7 3.00 43.00 46.00 NOTE
r-oldrel-macos-x86_64 0.4-7 NOTE
r-oldrel-windows-ix86+x86_64 0.4-7 5.00 57.00 62.00 NOTE

Check Details

Version: 0.4-7
Check: DESCRIPTION meta-information
Result: NOTE
    Malformed Description field: should contain one or more complete sentences.
Flavors: r-devel-linux-x86_64-debian-clang, r-devel-linux-x86_64-debian-gcc, r-devel-linux-x86_64-fedora-clang, r-devel-linux-x86_64-fedora-gcc, r-devel-windows-x86_64, r-devel-windows-x86_64-gcc10-UCRT, r-patched-linux-x86_64, r-patched-solaris-x86, r-release-linux-x86_64, r-release-macos-arm64, r-release-macos-x86_64, r-release-windows-ix86+x86_64, r-oldrel-macos-x86_64, r-oldrel-windows-ix86+x86_64