Last updated on 2023-03-24 15:54:15 CET.
Flavor | Version | Tinstall | Tcheck | Ttotal | Status | Flags |
---|---|---|---|---|---|---|
r-devel-linux-x86_64-debian-clang | 2.3 | 4.57 | 36.66 | 41.23 | OK | |
r-devel-linux-x86_64-debian-gcc | 2.3 | 2.76 | 28.76 | 31.52 | OK | |
r-devel-linux-x86_64-fedora-clang | 2.3 | 56.04 | OK | |||
r-devel-linux-x86_64-fedora-gcc | 2.3 | 96.12 | OK | |||
r-patched-linux-x86_64 | 2.3 | 4.27 | 37.18 | 41.45 | OK | |
r-release-linux-x86_64 | 2.3 | 4.35 | 37.40 | 41.75 | OK | |
r-release-macos-arm64 | 2.3 | 29.00 | OK | |||
r-release-macos-x86_64 | 2.3 | 40.00 | OK | |||
r-release-windows-x86_64 | 2.3 | 41.00 | 73.00 | 114.00 | OK | |
r-oldrel-macos-arm64 | 2.3 | 48.00 | OK | |||
r-oldrel-macos-x86_64 | 2.3 | 57.00 | OK | |||
r-oldrel-windows-ix86+x86_64 | 2.3 | 4.00 | 20.00 | 24.00 | ERROR |
Version: 2.3
Check: whether package can be installed
Result: ERROR
Installation failed.
Flavor: r-oldrel-windows-ix86+x86_64