CRAN Package Check Results for Package gridOT

Last updated on 2024-07-14 08:48:23 CEST.

Flavor Version Tinstall Tcheck Ttotal Status Flags
r-devel-linux-x86_64-debian-clang 1.0.1 90.55 32.26 122.81 NOTE
r-devel-linux-x86_64-debian-gcc 1.0.1 62.33 24.27 86.60 NOTE
r-devel-linux-x86_64-fedora-clang 1.0.1 192.73 NOTE
r-devel-linux-x86_64-fedora-gcc 1.0.1 190.24 NOTE
r-devel-windows-x86_64 1.0.1 74.00 75.00 149.00 NOTE
r-patched-linux-x86_64 1.0.1 77.19 30.19 107.38 NOTE
r-release-linux-x86_64 1.0.1 80.85 29.42 110.27 NOTE
r-release-macos-arm64 1.0.1 38.00 NOTE
r-release-macos-x86_64 1.0.1 39.00 NOTE
r-release-windows-x86_64 1.0.1 72.00 67.00 139.00 NOTE
r-oldrel-macos-arm64 1.0.1 41.00 NOTE
r-oldrel-macos-x86_64 1.0.1 72.00 NOTE
r-oldrel-windows-x86_64 1.0.1 88.00 77.00 165.00 NOTE

Check Details

Version: 1.0.1
Check: C++ specification
Result: NOTE Specified C++11: please drop specification unless essential Flavors: r-devel-linux-x86_64-debian-clang, r-devel-linux-x86_64-debian-gcc, r-devel-linux-x86_64-fedora-clang, r-devel-linux-x86_64-fedora-gcc, r-devel-windows-x86_64, r-patched-linux-x86_64, r-release-linux-x86_64, r-release-macos-arm64, r-release-macos-x86_64, r-release-windows-x86_64, r-oldrel-macos-arm64, r-oldrel-macos-x86_64, r-oldrel-windows-x86_64