CRAN Package Check Results for Package gridSVG

Last updated on 2024-02-29 08:48:55 CET.

Flavor Version Tinstall Tcheck Ttotal Status Flags
r-devel-linux-x86_64-debian-clang 1.7-5 12.21 156.24 168.45 NOTE
r-devel-linux-x86_64-debian-gcc 1.7-5 10.77 117.89 128.66 NOTE
r-devel-linux-x86_64-fedora-clang 1.7-5 205.95 NOTE
r-devel-linux-x86_64-fedora-gcc 1.7-5 232.80 NOTE
r-devel-windows-x86_64 1.7-5 13.00 161.00 174.00 OK
r-patched-linux-x86_64 1.7-5 12.77 150.68 163.45 OK
r-release-linux-x86_64 1.7-5 12.63 151.26 163.89 OK
r-release-macos-arm64 1.7-5 69.00 OK
r-release-macos-x86_64 1.7-5 116.00 OK
r-release-windows-x86_64 1.7-5 13.00 189.00 202.00 OK
r-oldrel-macos-arm64 1.7-5 61.00 OK
r-oldrel-windows-x86_64 1.7-5 18.00 190.00 208.00 OK

Check Details

Version: 1.7-5
Check: Rd files
Result: NOTE checkRd: (-1) NEWS.Rd:669: Lost braces; missing escapes or markup? 669 | parameters are rounded so they belong to one of {0, 0.5, 1}. (Simon) | ^ checkRd: (-1) gradients.Rd:96-99: Lost braces in \itemize; meant \describe ? checkRd: (-1) gradients.Rd:100-103: Lost braces in \itemize; meant \describe ? checkRd: (-1) gradients.Rd:104-107: Lost braces in \itemize; meant \describe ? Flavors: r-devel-linux-x86_64-debian-clang, r-devel-linux-x86_64-debian-gcc, r-devel-linux-x86_64-fedora-clang, r-devel-linux-x86_64-fedora-gcc