CRAN Package Check Results for Package gridsampler

Last updated on 2021-09-23 20:52:17 CEST.

Flavor Version Tinstall Tcheck Ttotal Status Flags
r-devel-linux-x86_64-debian-clang 0.6 6.25 103.30 109.55 OK
r-devel-linux-x86_64-debian-gcc 0.6 4.52 73.95 78.47 OK
r-devel-linux-x86_64-fedora-clang 0.6 134.60 NOTE
r-devel-linux-x86_64-fedora-gcc 0.6 124.84 NOTE
r-devel-windows-x86_64 0.6 7.00 102.00 109.00 OK
r-devel-windows-x86_64-gcc10-UCRT 0.6 NOTE
r-patched-linux-x86_64 0.6 5.66 97.05 102.71 OK
r-patched-solaris-x86 0.6 181.40 NOTE
r-release-linux-x86_64 0.6 4.71 98.25 102.96 OK
r-release-macos-arm64 0.6 NOTE
r-release-macos-x86_64 0.6 NOTE
r-release-windows-ix86+x86_64 0.6 15.00 101.00 116.00 OK
r-oldrel-macos-x86_64 0.6 NOTE
r-oldrel-windows-ix86+x86_64 0.6 13.00 104.00 117.00 OK

Check Details

Version: 0.6
Check: dependencies in R code
Result: NOTE
    Namespace in Imports field not imported from: ‘BiasedUrn’
     All declared Imports should be used.
Flavors: r-devel-linux-x86_64-fedora-clang, r-devel-linux-x86_64-fedora-gcc, r-devel-windows-x86_64-gcc10-UCRT, r-patched-solaris-x86, r-release-macos-arm64, r-release-macos-x86_64, r-oldrel-macos-x86_64