Last updated on 2024-04-20 00:56:09 CEST.
Flavor | Version | Tinstall | Tcheck | Ttotal | Status | Flags |
---|---|---|---|---|---|---|
r-devel-linux-x86_64-debian-clang | 0.2.20 | 3.09 | 38.56 | 41.65 | NOTE | |
r-devel-linux-x86_64-debian-gcc | 0.2.20 | NOTE | ||||
r-devel-linux-x86_64-fedora-clang | 0.2.20 | 53.66 | NOTE | |||
r-devel-linux-x86_64-fedora-gcc | 0.2.20 | 63.35 | NOTE | |||
r-prerel-macos-arm64 | 0.2.20 | 26.00 | NOTE | |||
r-prerel-windows-x86_64 | 0.2.20 | 5.00 | 51.00 | 56.00 | NOTE | |
r-patched-linux-x86_64 | 0.2.20 | 4.00 | 36.98 | 40.98 | NOTE | |
r-release-linux-x86_64 | 0.2.20 | 3.78 | 34.88 | 38.66 | NOTE | |
r-release-macos-arm64 | 0.2.20 | 26.00 | NOTE | |||
r-release-macos-x86_64 | 0.2.20 | 39.00 | NOTE | |||
r-release-windows-x86_64 | 0.2.20 | 6.00 | 51.00 | 57.00 | NOTE | |
r-oldrel-macos-arm64 | 0.2.20 | 23.00 | NOTE | |||
r-oldrel-windows-x86_64 | 0.2.20 | 7.00 | 60.00 | 67.00 | NOTE |
Version: 0.2.20
Check: LazyData
Result: NOTE
'LazyData' is specified without a 'data' directory
Flavors: r-devel-linux-x86_64-debian-clang, r-devel-linux-x86_64-debian-gcc, r-devel-linux-x86_64-fedora-clang, r-devel-linux-x86_64-fedora-gcc, r-prerel-macos-arm64, r-prerel-windows-x86_64, r-patched-linux-x86_64, r-release-linux-x86_64, r-release-macos-arm64, r-release-macos-x86_64, r-release-windows-x86_64, r-oldrel-macos-arm64, r-oldrel-windows-x86_64
Version: 0.2.20
Check: dependencies in R code
Result: NOTE
Namespace in Imports field not imported from: ‘usethis’
All declared Imports should be used.
Flavors: r-devel-linux-x86_64-fedora-clang, r-devel-linux-x86_64-fedora-gcc, r-oldrel-macos-arm64