Last updated on 2024-04-19 01:04:34 CEST.
Flavor | Version | Tinstall | Tcheck | Ttotal | Status | Flags |
---|---|---|---|---|---|---|
r-devel-linux-x86_64-debian-clang | 1.1.0 | 3.67 | 459.80 | 463.47 | OK | |
r-devel-linux-x86_64-debian-gcc | 1.1.0 | 4.60 | 374.50 | 379.10 | OK | |
r-devel-linux-x86_64-fedora-clang | 1.1.0 | 582.70 | NOTE | |||
r-devel-linux-x86_64-fedora-gcc | 1.1.0 | 588.44 | NOTE | |||
r-prerel-macos-arm64 | 1.1.0 | 242.00 | OK | |||
r-prerel-windows-x86_64 | 1.1.0 | 5.00 | 461.00 | 466.00 | OK | |
r-patched-linux-x86_64 | 1.1.0 | 4.36 | 456.39 | 460.75 | OK | |
r-release-linux-x86_64 | 1.1.0 | 4.77 | 442.98 | 447.75 | OK | |
r-release-macos-arm64 | 1.1.0 | 269.00 | OK | |||
r-release-macos-x86_64 | 1.1.0 | 451.00 | OK | |||
r-release-windows-x86_64 | 1.1.0 | 6.00 | 457.00 | 463.00 | OK | |
r-oldrel-macos-arm64 | 1.1.0 | 162.00 | OK | |||
r-oldrel-windows-x86_64 | 1.1.0 | 7.00 | 290.00 | 297.00 | OK |
Version: 1.1.0
Check: dependencies in R code
Result: NOTE
Namespace in Imports field not imported from: ‘msm’
All declared Imports should be used.
Flavors: r-devel-linux-x86_64-fedora-clang, r-devel-linux-x86_64-fedora-gcc