CRAN Package Check Results for Package groupdata2

Last updated on 2021-10-20 04:55:21 CEST.

Flavor Version Tinstall Tcheck Ttotal Status Flags
r-devel-linux-x86_64-debian-clang 1.5.0 8.45 160.91 169.36 ERROR
r-devel-linux-x86_64-debian-gcc 1.5.0 5.30 119.76 125.06 ERROR
r-devel-linux-x86_64-fedora-clang 1.5.0 201.46 ERROR
r-devel-linux-x86_64-fedora-gcc 1.5.0 192.68 ERROR
r-devel-windows-x86_64 1.5.0 13.00 208.00 221.00 ERROR
r-devel-windows-x86_64-gcc10-UCRT 1.5.0 ERROR
r-patched-linux-x86_64 1.5.0 8.98 157.91 166.89 OK
r-patched-solaris-x86 1.5.0 222.80 OK
r-release-linux-x86_64 1.5.0 8.06 155.53 163.59 OK
r-release-macos-arm64 1.5.0 OK
r-release-macos-x86_64 1.5.0 OK
r-release-windows-ix86+x86_64 1.5.0 20.00 435.00 455.00 OK
r-oldrel-macos-x86_64 1.5.0 OK
r-oldrel-windows-ix86+x86_64 1.5.0 16.00 214.00 230.00 OK

Check Details

Version: 1.5.0
Check: tests
Result: ERROR
     Running 'testthat.R' [70s/76s]
    Running the tests in 'tests/testthat.R' failed.
    Complete output:
     > library(testthat)
     > library(groupdata2)
     >
     > test_check("groupdata2")
     == Skipped tests ===============================================================
     * Simulation that runs for a long time (1)
     * Skipping bootstrapped numerical balancing test (1)
     * Skipping bootstrapped numerical balancing test in partition() (1)
    
     == Failed tests ================================================================
     -- Failure (test_find_missing_starts.R:25:3): find_missing_starts() find the right missing starts --
     check_find_missing_starts_df(n = c("r", "d"), starts_col = "v") not equal to c("r").
     names for target but not for current
     -- Failure (test_find_missing_starts.R:26:3): find_missing_starts() find the right missing starts --
     check_find_missing_starts_df(...) not equal to list(c("r", "1")).
     names for target but not for current
     -- Failure (test_find_missing_starts.R:30:3): find_missing_starts() find the right missing starts --
     check_find_missing_starts_df(n = c("b", "r", "o", "d"), starts_col = "v") not equal to c("r", "o").
     names for target but not for current
     -- Failure (test_find_missing_starts.R:31:3): find_missing_starts() find the right missing starts --
     check_find_missing_starts_df(...) not equal to list(c("r", "1"), c("o", "1")).
     names for target but not for current
     -- Failure (test_find_missing_starts.R:37:3): find_missing_starts() find the right missing starts --
     check_find_missing_starts_df(n = c(1, 3, 5), starts_col = "v2") not equal to c(5).
     names for target but not for current
     -- Failure (test_find_missing_starts.R:38:3): find_missing_starts() find the right missing starts --
     check_find_missing_starts_df(...) not equal to list(c(5, 1)).
     names for target but not for current
     -- Failure (test_find_missing_starts.R:42:3): find_missing_starts() find the right missing starts --
     check_find_missing_starts_df(n = c(5, 2, 1), starts_col = "v2") not equal to c("5").
     names for target but not for current
     -- Failure (test_find_missing_starts.R:43:3): find_missing_starts() find the right missing starts --
     check_find_missing_starts_df(...) not equal to list(c("5", "1")).
     names for target but not for current
     -- Failure (test_find_missing_starts.R:76:3): find_missing_starts() find the right missing starts --
     `output_12655` not equal to c(5, 7).
     names for target but not for current
     -- Failure (test_find_missing_starts.R:81:3): find_missing_starts() find the right missing starts --
     names(output_12655) not equal to NULL.
     Types not compatible: character is not NULL
     -- Failure (test_find_missing_starts.R:132:3): find_missing_starts() find the right missing starts --
     `output_19148` not equal to list(c("e", "1"), c("d", "1")).
     names for target but not for current
     -- Failure (test_find_missing_starts.R:136:3): find_missing_starts() find the right missing starts --
     names(output_19148) not equal to NULL.
     Types not compatible: character is not NULL
     -- Failure (test_find_missing_starts.R:179:3): find_missing_starts() find the right missing starts --
     `output_19148` not equal to c("e", "d").
     names for target but not for current
     -- Failure (test_find_missing_starts.R:184:3): find_missing_starts() find the right missing starts --
     names(output_19148) not equal to NULL.
     Types not compatible: character is not NULL
     -- Failure (test_find_missing_starts.R:272:3): fold() works with group_by() ----
     output_19148[["1"]] not equal to list(c("e", "1")).
     names for target but not for current
     -- Failure (test_find_missing_starts.R:275:3): fold() works with group_by() ----
     output_19148[["2"]] not equal to list(c("e", "1")).
     names for target but not for current
     -- Failure (test_find_missing_starts.R:278:3): fold() works with group_by() ----
     output_19148[["3"]] not equal to list(c("e", "1")).
     names for target but not for current
    
     [ FAIL 17 | WARN 0 | SKIP 3 | PASS 1567 ]
     Error: Test failures
     Execution halted
Flavor: r-devel-linux-x86_64-debian-clang

Version: 1.5.0
Check: tests
Result: ERROR
     Running ‘testthat.R’ [53s/76s]
    Running the tests in ‘tests/testthat.R’ failed.
    Complete output:
     > library(testthat)
     > library(groupdata2)
     >
     > test_check("groupdata2")
     ══ Skipped tests ═══════════════════════════════════════════════════════════════
     • Simulation that runs for a long time (1)
     • Skipping bootstrapped numerical balancing test (1)
     • Skipping bootstrapped numerical balancing test in partition() (1)
    
     ══ Failed tests ════════════════════════════════════════════════════════════════
     ── Failure (test_find_missing_starts.R:25:3): find_missing_starts() find the right missing starts ──
     check_find_missing_starts_df(n = c("r", "d"), starts_col = "v") not equal to c("r").
     names for target but not for current
     ── Failure (test_find_missing_starts.R:26:3): find_missing_starts() find the right missing starts ──
     check_find_missing_starts_df(...) not equal to list(c("r", "1")).
     names for target but not for current
     ── Failure (test_find_missing_starts.R:30:3): find_missing_starts() find the right missing starts ──
     check_find_missing_starts_df(n = c("b", "r", "o", "d"), starts_col = "v") not equal to c("r", "o").
     names for target but not for current
     ── Failure (test_find_missing_starts.R:31:3): find_missing_starts() find the right missing starts ──
     check_find_missing_starts_df(...) not equal to list(c("r", "1"), c("o", "1")).
     names for target but not for current
     ── Failure (test_find_missing_starts.R:37:3): find_missing_starts() find the right missing starts ──
     check_find_missing_starts_df(n = c(1, 3, 5), starts_col = "v2") not equal to c(5).
     names for target but not for current
     ── Failure (test_find_missing_starts.R:38:3): find_missing_starts() find the right missing starts ──
     check_find_missing_starts_df(...) not equal to list(c(5, 1)).
     names for target but not for current
     ── Failure (test_find_missing_starts.R:42:3): find_missing_starts() find the right missing starts ──
     check_find_missing_starts_df(n = c(5, 2, 1), starts_col = "v2") not equal to c("5").
     names for target but not for current
     ── Failure (test_find_missing_starts.R:43:3): find_missing_starts() find the right missing starts ──
     check_find_missing_starts_df(...) not equal to list(c("5", "1")).
     names for target but not for current
     ── Failure (test_find_missing_starts.R:76:3): find_missing_starts() find the right missing starts ──
     `output_12655` not equal to c(5, 7).
     names for target but not for current
     ── Failure (test_find_missing_starts.R:81:3): find_missing_starts() find the right missing starts ──
     names(output_12655) not equal to NULL.
     Types not compatible: character is not NULL
     ── Failure (test_find_missing_starts.R:132:3): find_missing_starts() find the right missing starts ──
     `output_19148` not equal to list(c("e", "1"), c("d", "1")).
     names for target but not for current
     ── Failure (test_find_missing_starts.R:136:3): find_missing_starts() find the right missing starts ──
     names(output_19148) not equal to NULL.
     Types not compatible: character is not NULL
     ── Failure (test_find_missing_starts.R:179:3): find_missing_starts() find the right missing starts ──
     `output_19148` not equal to c("e", "d").
     names for target but not for current
     ── Failure (test_find_missing_starts.R:184:3): find_missing_starts() find the right missing starts ──
     names(output_19148) not equal to NULL.
     Types not compatible: character is not NULL
     ── Failure (test_find_missing_starts.R:272:3): fold() works with group_by() ────
     output_19148[["1"]] not equal to list(c("e", "1")).
     names for target but not for current
     ── Failure (test_find_missing_starts.R:275:3): fold() works with group_by() ────
     output_19148[["2"]] not equal to list(c("e", "1")).
     names for target but not for current
     ── Failure (test_find_missing_starts.R:278:3): fold() works with group_by() ────
     output_19148[["3"]] not equal to list(c("e", "1")).
     names for target but not for current
    
     [ FAIL 17 | WARN 0 | SKIP 3 | PASS 1567 ]
     Error: Test failures
     Execution halted
Flavor: r-devel-linux-x86_64-debian-gcc

Version: 1.5.0
Check: tests
Result: ERROR
     Running ‘testthat.R’ [78s/91s]
    Running the tests in ‘tests/testthat.R’ failed.
    Complete output:
     > library(testthat)
     > library(groupdata2)
     >
     > test_check("groupdata2")
     ══ Skipped tests ═══════════════════════════════════════════════════════════════
     • Simulation that runs for a long time (1)
     • Skipping bootstrapped numerical balancing test (1)
     • Skipping bootstrapped numerical balancing test in partition() (1)
    
     ══ Failed tests ════════════════════════════════════════════════════════════════
     ── Failure (test_find_missing_starts.R:25:3): find_missing_starts() find the right missing starts ──
     check_find_missing_starts_df(n = c("r", "d"), starts_col = "v") not equal to c("r").
     names for target but not for current
     ── Failure (test_find_missing_starts.R:26:3): find_missing_starts() find the right missing starts ──
     check_find_missing_starts_df(...) not equal to list(c("r", "1")).
     names for target but not for current
     ── Failure (test_find_missing_starts.R:30:3): find_missing_starts() find the right missing starts ──
     check_find_missing_starts_df(n = c("b", "r", "o", "d"), starts_col = "v") not equal to c("r", "o").
     names for target but not for current
     ── Failure (test_find_missing_starts.R:31:3): find_missing_starts() find the right missing starts ──
     check_find_missing_starts_df(...) not equal to list(c("r", "1"), c("o", "1")).
     names for target but not for current
     ── Failure (test_find_missing_starts.R:37:3): find_missing_starts() find the right missing starts ──
     check_find_missing_starts_df(n = c(1, 3, 5), starts_col = "v2") not equal to c(5).
     names for target but not for current
     ── Failure (test_find_missing_starts.R:38:3): find_missing_starts() find the right missing starts ──
     check_find_missing_starts_df(...) not equal to list(c(5, 1)).
     names for target but not for current
     ── Failure (test_find_missing_starts.R:42:3): find_missing_starts() find the right missing starts ──
     check_find_missing_starts_df(n = c(5, 2, 1), starts_col = "v2") not equal to c("5").
     names for target but not for current
     ── Failure (test_find_missing_starts.R:43:3): find_missing_starts() find the right missing starts ──
     check_find_missing_starts_df(...) not equal to list(c("5", "1")).
     names for target but not for current
     ── Failure (test_find_missing_starts.R:76:3): find_missing_starts() find the right missing starts ──
     `output_12655` not equal to c(5, 7).
     names for target but not for current
     ── Failure (test_find_missing_starts.R:81:3): find_missing_starts() find the right missing starts ──
     names(output_12655) not equal to NULL.
     Types not compatible: character is not NULL
     ── Failure (test_find_missing_starts.R:132:3): find_missing_starts() find the right missing starts ──
     `output_19148` not equal to list(c("e", "1"), c("d", "1")).
     names for target but not for current
     ── Failure (test_find_missing_starts.R:136:3): find_missing_starts() find the right missing starts ──
     names(output_19148) not equal to NULL.
     Types not compatible: character is not NULL
     ── Failure (test_find_missing_starts.R:179:3): find_missing_starts() find the right missing starts ──
     `output_19148` not equal to c("e", "d").
     names for target but not for current
     ── Failure (test_find_missing_starts.R:184:3): find_missing_starts() find the right missing starts ──
     names(output_19148) not equal to NULL.
     Types not compatible: character is not NULL
     ── Failure (test_find_missing_starts.R:272:3): fold() works with group_by() ────
     output_19148[["1"]] not equal to list(c("e", "1")).
     names for target but not for current
     ── Failure (test_find_missing_starts.R:275:3): fold() works with group_by() ────
     output_19148[["2"]] not equal to list(c("e", "1")).
     names for target but not for current
     ── Failure (test_find_missing_starts.R:278:3): fold() works with group_by() ────
     output_19148[["3"]] not equal to list(c("e", "1")).
     names for target but not for current
    
     [ FAIL 17 | WARN 0 | SKIP 3 | PASS 1567 ]
     Error: Test failures
     Execution halted
Flavor: r-devel-linux-x86_64-fedora-clang

Version: 1.5.0
Check: tests
Result: ERROR
     Running ‘testthat.R’ [80s/94s]
    Running the tests in ‘tests/testthat.R’ failed.
    Complete output:
     > library(testthat)
     > library(groupdata2)
     >
     > test_check("groupdata2")
     ══ Skipped tests ═══════════════════════════════════════════════════════════════
     • Simulation that runs for a long time (1)
     • Skipping bootstrapped numerical balancing test (1)
     • Skipping bootstrapped numerical balancing test in partition() (1)
    
     ══ Failed tests ════════════════════════════════════════════════════════════════
     ── Failure (test_find_missing_starts.R:25:3): find_missing_starts() find the right missing starts ──
     check_find_missing_starts_df(n = c("r", "d"), starts_col = "v") not equal to c("r").
     names for target but not for current
     ── Failure (test_find_missing_starts.R:26:3): find_missing_starts() find the right missing starts ──
     check_find_missing_starts_df(...) not equal to list(c("r", "1")).
     names for target but not for current
     ── Failure (test_find_missing_starts.R:30:3): find_missing_starts() find the right missing starts ──
     check_find_missing_starts_df(n = c("b", "r", "o", "d"), starts_col = "v") not equal to c("r", "o").
     names for target but not for current
     ── Failure (test_find_missing_starts.R:31:3): find_missing_starts() find the right missing starts ──
     check_find_missing_starts_df(...) not equal to list(c("r", "1"), c("o", "1")).
     names for target but not for current
     ── Failure (test_find_missing_starts.R:37:3): find_missing_starts() find the right missing starts ──
     check_find_missing_starts_df(n = c(1, 3, 5), starts_col = "v2") not equal to c(5).
     names for target but not for current
     ── Failure (test_find_missing_starts.R:38:3): find_missing_starts() find the right missing starts ──
     check_find_missing_starts_df(...) not equal to list(c(5, 1)).
     names for target but not for current
     ── Failure (test_find_missing_starts.R:42:3): find_missing_starts() find the right missing starts ──
     check_find_missing_starts_df(n = c(5, 2, 1), starts_col = "v2") not equal to c("5").
     names for target but not for current
     ── Failure (test_find_missing_starts.R:43:3): find_missing_starts() find the right missing starts ──
     check_find_missing_starts_df(...) not equal to list(c("5", "1")).
     names for target but not for current
     ── Failure (test_find_missing_starts.R:76:3): find_missing_starts() find the right missing starts ──
     `output_12655` not equal to c(5, 7).
     names for target but not for current
     ── Failure (test_find_missing_starts.R:81:3): find_missing_starts() find the right missing starts ──
     names(output_12655) not equal to NULL.
     Types not compatible: character is not NULL
     ── Failure (test_find_missing_starts.R:132:3): find_missing_starts() find the right missing starts ──
     `output_19148` not equal to list(c("e", "1"), c("d", "1")).
     names for target but not for current
     ── Failure (test_find_missing_starts.R:136:3): find_missing_starts() find the right missing starts ──
     names(output_19148) not equal to NULL.
     Types not compatible: character is not NULL
     ── Failure (test_find_missing_starts.R:179:3): find_missing_starts() find the right missing starts ──
     `output_19148` not equal to c("e", "d").
     names for target but not for current
     ── Failure (test_find_missing_starts.R:184:3): find_missing_starts() find the right missing starts ──
     names(output_19148) not equal to NULL.
     Types not compatible: character is not NULL
     ── Failure (test_find_missing_starts.R:272:3): fold() works with group_by() ────
     output_19148[["1"]] not equal to list(c("e", "1")).
     names for target but not for current
     ── Failure (test_find_missing_starts.R:275:3): fold() works with group_by() ────
     output_19148[["2"]] not equal to list(c("e", "1")).
     names for target but not for current
     ── Failure (test_find_missing_starts.R:278:3): fold() works with group_by() ────
     output_19148[["3"]] not equal to list(c("e", "1")).
     names for target but not for current
    
     [ FAIL 17 | WARN 0 | SKIP 3 | PASS 1567 ]
     Error: Test failures
     Execution halted
Flavor: r-devel-linux-x86_64-fedora-gcc

Version: 1.5.0
Check: tests
Result: ERROR
     Running 'testthat.R' [82s]
    Running the tests in 'tests/testthat.R' failed.
    Complete output:
     > library(testthat)
     > library(groupdata2)
     >
     > test_check("groupdata2")
     == Skipped tests ===============================================================
     * Simulation that runs for a long time (1)
     * Skipping bootstrapped numerical balancing test (1)
     * Skipping bootstrapped numerical balancing test in partition() (1)
    
     == Failed tests ================================================================
     -- Failure (test_find_missing_starts.R:25:3): find_missing_starts() find the right missing starts --
     check_find_missing_starts_df(n = c("r", "d"), starts_col = "v") not equal to c("r").
     names for target but not for current
     -- Failure (test_find_missing_starts.R:26:3): find_missing_starts() find the right missing starts --
     check_find_missing_starts_df(...) not equal to list(c("r", "1")).
     names for target but not for current
     -- Failure (test_find_missing_starts.R:30:3): find_missing_starts() find the right missing starts --
     check_find_missing_starts_df(n = c("b", "r", "o", "d"), starts_col = "v") not equal to c("r", "o").
     names for target but not for current
     -- Failure (test_find_missing_starts.R:31:3): find_missing_starts() find the right missing starts --
     check_find_missing_starts_df(...) not equal to list(c("r", "1"), c("o", "1")).
     names for target but not for current
     -- Failure (test_find_missing_starts.R:37:3): find_missing_starts() find the right missing starts --
     check_find_missing_starts_df(n = c(1, 3, 5), starts_col = "v2") not equal to c(5).
     names for target but not for current
     -- Failure (test_find_missing_starts.R:38:3): find_missing_starts() find the right missing starts --
     check_find_missing_starts_df(...) not equal to list(c(5, 1)).
     names for target but not for current
     -- Failure (test_find_missing_starts.R:42:3): find_missing_starts() find the right missing starts --
     check_find_missing_starts_df(n = c(5, 2, 1), starts_col = "v2") not equal to c("5").
     names for target but not for current
     -- Failure (test_find_missing_starts.R:43:3): find_missing_starts() find the right missing starts --
     check_find_missing_starts_df(...) not equal to list(c("5", "1")).
     names for target but not for current
     -- Failure (test_find_missing_starts.R:76:3): find_missing_starts() find the right missing starts --
     `output_12655` not equal to c(5, 7).
     names for target but not for current
     -- Failure (test_find_missing_starts.R:81:3): find_missing_starts() find the right missing starts --
     names(output_12655) not equal to NULL.
     Types not compatible: character is not NULL
     -- Failure (test_find_missing_starts.R:132:3): find_missing_starts() find the right missing starts --
     `output_19148` not equal to list(c("e", "1"), c("d", "1")).
     names for target but not for current
     -- Failure (test_find_missing_starts.R:136:3): find_missing_starts() find the right missing starts --
     names(output_19148) not equal to NULL.
     Types not compatible: character is not NULL
     -- Failure (test_find_missing_starts.R:179:3): find_missing_starts() find the right missing starts --
     `output_19148` not equal to c("e", "d").
     names for target but not for current
     -- Failure (test_find_missing_starts.R:184:3): find_missing_starts() find the right missing starts --
     names(output_19148) not equal to NULL.
     Types not compatible: character is not NULL
     -- Failure (test_find_missing_starts.R:272:3): fold() works with group_by() ----
     output_19148[["1"]] not equal to list(c("e", "1")).
     names for target but not for current
     -- Failure (test_find_missing_starts.R:275:3): fold() works with group_by() ----
     output_19148[["2"]] not equal to list(c("e", "1")).
     names for target but not for current
     -- Failure (test_find_missing_starts.R:278:3): fold() works with group_by() ----
     output_19148[["3"]] not equal to list(c("e", "1")).
     names for target but not for current
    
     [ FAIL 17 | WARN 0 | SKIP 3 | PASS 1567 ]
     Error: Test failures
     Execution halted
Flavor: r-devel-windows-x86_64

Version: 1.5.0
Check: tests
Result: ERROR
     Running 'testthat.R'
    Running the tests in 'tests/testthat.R' failed.
    Complete output:
     > library(testthat)
     > library(groupdata2)
     >
     > test_check("groupdata2")
     ══ Skipped tests ═══════════════════════════════════════════════════════════════
     • Simulation that runs for a long time (1)
     • Skipping bootstrapped numerical balancing test (1)
     • Skipping bootstrapped numerical balancing test in partition() (1)
    
     ══ Failed tests ════════════════════════════════════════════════════════════════
     ── Failure (test_find_missing_starts.R:25:3): find_missing_starts() find the right missing starts ──
     check_find_missing_starts_df(n = c("r", "d"), starts_col = "v") not equal to c("r").
     names for target but not for current
     ── Failure (test_find_missing_starts.R:26:3): find_missing_starts() find the right missing starts ──
     check_find_missing_starts_df(...) not equal to list(c("r", "1")).
     names for target but not for current
     ── Failure (test_find_missing_starts.R:30:3): find_missing_starts() find the right missing starts ──
     check_find_missing_starts_df(n = c("b", "r", "o", "d"), starts_col = "v") not equal to c("r", "o").
     names for target but not for current
     ── Failure (test_find_missing_starts.R:31:3): find_missing_starts() find the right missing starts ──
     check_find_missing_starts_df(...) not equal to list(c("r", "1"), c("o", "1")).
     names for target but not for current
     ── Failure (test_find_missing_starts.R:37:3): find_missing_starts() find the right missing starts ──
     check_find_missing_starts_df(n = c(1, 3, 5), starts_col = "v2") not equal to c(5).
     names for target but not for current
     ── Failure (test_find_missing_starts.R:38:3): find_missing_starts() find the right missing starts ──
     check_find_missing_starts_df(...) not equal to list(c(5, 1)).
     names for target but not for current
     ── Failure (test_find_missing_starts.R:42:3): find_missing_starts() find the right missing starts ──
     check_find_missing_starts_df(n = c(5, 2, 1), starts_col = "v2") not equal to c("5").
     names for target but not for current
     ── Failure (test_find_missing_starts.R:43:3): find_missing_starts() find the right missing starts ──
     check_find_missing_starts_df(...) not equal to list(c("5", "1")).
     names for target but not for current
     ── Failure (test_find_missing_starts.R:76:3): find_missing_starts() find the right missing starts ──
     `output_12655` not equal to c(5, 7).
     names for target but not for current
     ── Failure (test_find_missing_starts.R:81:3): find_missing_starts() find the right missing starts ──
     names(output_12655) not equal to NULL.
     Types not compatible: character is not NULL
     ── Failure (test_find_missing_starts.R:132:3): find_missing_starts() find the right missing starts ──
     `output_19148` not equal to list(c("e", "1"), c("d", "1")).
     names for target but not for current
     ── Failure (test_find_missing_starts.R:136:3): find_missing_starts() find the right missing starts ──
     names(output_19148) not equal to NULL.
     Types not compatible: character is not NULL
     ── Failure (test_find_missing_starts.R:179:3): find_missing_starts() find the right missing starts ──
     `output_19148` not equal to c("e", "d").
     names for target but not for current
     ── Failure (test_find_missing_starts.R:184:3): find_missing_starts() find the right missing starts ──
     names(output_19148) not equal to NULL.
     Types not compatible: character is not NULL
     ── Failure (test_find_missing_starts.R:272:3): fold() works with group_by() ────
     output_19148[["1"]] not equal to list(c("e", "1")).
     names for target but not for current
     ── Failure (test_find_missing_starts.R:275:3): fold() works with group_by() ────
     output_19148[["2"]] not equal to list(c("e", "1")).
     names for target but not for current
     ── Failure (test_find_missing_starts.R:278:3): fold() works with group_by() ────
     output_19148[["3"]] not equal to list(c("e", "1")).
     names for target but not for current
    
     [ FAIL 17 | WARN 0 | SKIP 3 | PASS 1567 ]
     Error: Test failures
     Execution halted
Flavor: r-devel-windows-x86_64-gcc10-UCRT