Last updated on 2024-03-28 23:55:08 CET.
Flavor | Version | Tinstall | Tcheck | Ttotal | Status | Flags |
---|---|---|---|---|---|---|
r-devel-linux-x86_64-debian-clang | 0.16 | 304.59 | 139.55 | 444.14 | OK | |
r-devel-linux-x86_64-debian-gcc | 0.16 | 239.46 | 103.14 | 342.60 | OK | |
r-devel-linux-x86_64-fedora-clang | 0.16 | 620.20 | OK | |||
r-devel-linux-x86_64-fedora-gcc | 0.16 | 630.35 | OK | |||
r-devel-windows-x86_64 | 0.16 | 225.00 | 144.00 | 369.00 | OK | |
r-patched-linux-x86_64 | 0.16 | 294.67 | 136.03 | 430.70 | OK | |
r-release-linux-x86_64 | 0.16 | 292.56 | 136.64 | 429.20 | OK | |
r-release-macos-arm64 | 0.16 | 127.00 | NOTE | |||
r-release-macos-x86_64 | 0.16 | 178.00 | NOTE | |||
r-release-windows-x86_64 | 0.16 | 277.00 | 175.00 | 452.00 | OK | |
r-oldrel-macos-arm64 | 0.16 | 141.00 | NOTE | |||
r-oldrel-windows-x86_64 | 0.16 | 258.00 | 175.00 | 433.00 | OK |
Version: 0.16
Check: installed package size
Result: NOTE
installed size is 13.3Mb
sub-directories of 1Mb or more:
libs 12.8Mb
Flavors: r-release-macos-arm64, r-release-macos-x86_64, r-oldrel-macos-arm64