CRAN Package Check Results for Package grr

Last updated on 2022-05-16 21:50:21 CEST.

Flavor Version Tinstall Tcheck Ttotal Status Flags
r-devel-linux-x86_64-debian-clang 0.9.5 4.48 44.56 49.04 OK
r-devel-linux-x86_64-debian-gcc 0.9.5 3.97 35.19 39.16 OK
r-devel-linux-x86_64-fedora-clang 0.9.5 61.49 NOTE
r-devel-linux-x86_64-fedora-gcc 0.9.5 59.00 NOTE
r-devel-windows-x86_64 0.9.5 14.00 79.00 93.00 OK
r-patched-linux-x86_64 0.9.5 3.48 43.03 46.51 OK
r-release-linux-x86_64 0.9.5 4.59 43.55 48.14 OK
r-release-macos-arm64 0.9.5 22.00 OK
r-release-macos-x86_64 0.9.5 29.00 OK
r-release-windows-x86_64 0.9.5 10.00 77.00 87.00 OK
r-oldrel-macos-arm64 0.9.5 33.00 OK
r-oldrel-macos-x86_64 0.9.5 40.00 OK
r-oldrel-windows-ix86+x86_64 0.9.5 12.00 67.00 79.00 OK

Check Details

Version: 0.9.5
Check: compiled code
Result: NOTE
    File ‘grr/libs/grr.so’:
     Found no calls to: ‘R_registerRoutines’, ‘R_useDynamicSymbols’
    
    It is good practice to register native routines and to disable symbol
    search.
    
    See ‘Writing portable packages’ in the ‘Writing R Extensions’ manual.
Flavors: r-devel-linux-x86_64-fedora-clang, r-devel-linux-x86_64-fedora-gcc