Last updated on 2024-07-18 08:51:10 CEST.
Flavor | Version | Tinstall | Tcheck | Ttotal | Status | Flags |
---|---|---|---|---|---|---|
r-devel-linux-x86_64-debian-clang | 1.3.2 | 22.26 | 95.17 | 117.43 | OK | |
r-devel-linux-x86_64-debian-gcc | 1.3.2 | 14.21 | 69.51 | 83.72 | OK | |
r-devel-linux-x86_64-fedora-clang | 1.3.2 | 143.58 | NOTE | |||
r-devel-linux-x86_64-fedora-gcc | 1.3.2 | 134.85 | OK | |||
r-devel-windows-x86_64 | 1.3.2 | 19.00 | 101.00 | 120.00 | OK | |
r-patched-linux-x86_64 | 1.3.2 | 18.03 | 90.21 | 108.24 | OK | |
r-release-linux-x86_64 | 1.3.2 | 15.51 | 91.46 | 106.97 | OK | |
r-release-macos-arm64 | 1.3.2 | 48.00 | OK | |||
r-release-macos-x86_64 | 1.3.2 | 65.00 | OK | |||
r-release-windows-x86_64 | 1.3.2 | 19.00 | 101.00 | 120.00 | OK | |
r-oldrel-macos-arm64 | 1.3.2 | 55.00 | OK | |||
r-oldrel-macos-x86_64 | 1.3.2 | 128.00 | OK | |||
r-oldrel-windows-x86_64 | 1.3.2 | 23.00 | 118.00 | 141.00 | OK |
Version: 1.3.2
Check: installed package size
Result: NOTE
installed size is 5.4Mb
sub-directories of 1Mb or more:
libs 5.0Mb
Flavor: r-devel-linux-x86_64-fedora-clang