Last updated on 2024-04-18 01:02:55 CEST.
Flavor | Version | Tinstall | Tcheck | Ttotal | Status | Flags |
---|---|---|---|---|---|---|
r-devel-linux-x86_64-debian-clang | 0.1.0 | 6.96 | 54.87 | 61.83 | OK | |
r-devel-linux-x86_64-debian-gcc | 0.1.0 | 5.22 | 41.22 | 46.44 | OK | |
r-devel-linux-x86_64-fedora-clang | 0.1.0 | 77.41 | NOTE | |||
r-devel-linux-x86_64-fedora-gcc | 0.1.0 | 72.48 | NOTE | |||
r-prerel-macos-arm64 | 0.1.0 | 26.00 | OK | |||
r-prerel-windows-x86_64 | 0.1.0 | 6.00 | 58.00 | 64.00 | OK | |
r-patched-linux-x86_64 | 0.1.0 | 5.06 | 53.11 | 58.17 | OK | |
r-release-linux-x86_64 | 0.1.0 | 6.94 | 53.53 | 60.47 | OK | |
r-release-macos-arm64 | 0.1.0 | 29.00 | OK | |||
r-release-macos-x86_64 | 0.1.0 | 39.00 | OK | |||
r-release-windows-x86_64 | 0.1.0 | 8.00 | 67.00 | 75.00 | OK | |
r-oldrel-macos-arm64 | 0.1.0 | 24.00 | NOTE | |||
r-oldrel-windows-x86_64 | 0.1.0 | 9.00 | 70.00 | 79.00 | OK |
Version: 0.1.0
Check: dependencies in R code
Result: NOTE
Namespace in Imports field not imported from: ‘dplyr’
All declared Imports should be used.
Flavors: r-devel-linux-x86_64-fedora-clang, r-devel-linux-x86_64-fedora-gcc, r-oldrel-macos-arm64