Last updated on 2023-05-28 22:00:12 CEST.
Flavor | Version | Tinstall | Tcheck | Ttotal | Status | Flags |
---|---|---|---|---|---|---|
r-devel-linux-x86_64-debian-clang | 0.1.0 | 6.94 | 55.03 | 61.97 | OK | |
r-devel-linux-x86_64-debian-gcc | 0.1.0 | 4.96 | 41.40 | 46.36 | OK | |
r-devel-linux-x86_64-fedora-clang | 0.1.0 | 74.65 | NOTE | |||
r-devel-linux-x86_64-fedora-gcc | 0.1.0 | 69.61 | NOTE | |||
r-devel-windows-x86_64 | 0.1.0 | 7.00 | 58.00 | 65.00 | OK | |
r-patched-linux-x86_64 | 0.1.0 | 5.73 | 51.15 | 56.88 | OK | |
r-release-linux-x86_64 | 0.1.0 | 6.33 | 51.42 | 57.75 | OK | |
r-release-macos-arm64 | 0.1.0 | 29.00 | OK | |||
r-release-macos-x86_64 | 0.1.0 | 39.00 | OK | |||
r-release-windows-x86_64 | 0.1.0 | 8.00 | 69.00 | 77.00 | OK | |
r-oldrel-macos-arm64 | 0.1.0 | 24.00 | NOTE | |||
r-oldrel-macos-x86_64 | 0.1.0 | 46.00 | NOTE | |||
r-oldrel-windows-x86_64 | 0.1.0 | 9.00 | 70.00 | 79.00 | OK |
Version: 0.1.0
Check: dependencies in R code
Result: NOTE
Namespace in Imports field not imported from: ‘dplyr’
All declared Imports should be used.
Flavors: r-devel-linux-x86_64-fedora-clang, r-devel-linux-x86_64-fedora-gcc, r-oldrel-macos-arm64, r-oldrel-macos-x86_64