CRAN Package Check Results for Package gstar

Last updated on 2024-02-21 00:54:30 CET.

Flavor Version Tinstall Tcheck Ttotal Status Flags
r-devel-linux-x86_64-debian-clang 0.1.0 OK
r-devel-linux-x86_64-debian-gcc 0.1.0 4.92 41.29 46.21 OK
r-devel-linux-x86_64-fedora-clang 0.1.0 76.11 NOTE
r-devel-linux-x86_64-fedora-gcc 0.1.0 70.75 NOTE
r-devel-windows-x86_64 0.1.0 7.00 60.00 67.00 OK
r-patched-linux-x86_64 0.1.0 6.56 52.33 58.89 OK
r-release-linux-x86_64 0.1.0 6.61 52.62 59.23 OK
r-release-macos-arm64 0.1.0 29.00 OK
r-release-macos-x86_64 0.1.0 39.00 OK
r-release-windows-x86_64 0.1.0 10.00 66.00 76.00 OK
r-oldrel-macos-arm64 0.1.0 24.00 NOTE
r-oldrel-windows-x86_64 0.1.0 9.00 70.00 79.00 OK

Check Details

Version: 0.1.0
Check: dependencies in R code
Result: NOTE Namespace in Imports field not imported from: ‘dplyr’ All declared Imports should be used. Flavors: r-devel-linux-x86_64-fedora-clang, r-devel-linux-x86_64-fedora-gcc, r-oldrel-macos-arm64