CRAN Package Check Results for Package gtfsrouter

Last updated on 2022-08-10 20:54:46 CEST.

Flavor Version Tinstall Tcheck Ttotal Status Flags
r-devel-linux-x86_64-debian-clang 0.0.5 55.97 124.29 180.26 OK
r-devel-linux-x86_64-debian-gcc 0.0.5 48.79 80.71 129.50 OK
r-devel-linux-x86_64-fedora-clang 0.0.5 230.77 NOTE
r-devel-linux-x86_64-fedora-gcc 0.0.5 198.12 OK
r-devel-windows-x86_64 0.0.5 80.00 151.00 231.00 OK
r-patched-linux-x86_64 0.0.5 55.22 96.60 151.82 OK
r-release-linux-x86_64 0.0.5 OK
r-release-macos-arm64 0.0.5 53.00 NOTE
r-release-macos-x86_64 0.0.5 76.00 NOTE
r-release-windows-x86_64 0.0.5 71.00 154.00 225.00 OK
r-oldrel-macos-arm64 0.0.5 60.00 NOTE
r-oldrel-macos-x86_64 0.0.5 77.00 NOTE
r-oldrel-windows-ix86+x86_64 0.0.5 148.00 181.00 329.00 NOTE

Additional issues

noSuggests

Check Details

Version: 0.0.5
Check: installed package size
Result: NOTE
     installed size is 5.9Mb
     sub-directories of 1Mb or more:
     doc 2.9Mb
     libs 2.3Mb
Flavors: r-devel-linux-x86_64-fedora-clang, r-release-macos-arm64, r-release-macos-x86_64, r-oldrel-macos-arm64, r-oldrel-macos-x86_64, r-oldrel-windows-ix86+x86_64