CRAN Package Check Results for Package gtrendsR

Last updated on 2023-06-08 08:55:23 CEST.

Flavor Version Tinstall Tcheck Ttotal Status Flags
r-devel-linux-x86_64-debian-clang 1.5.1 8.00 55.28 63.28 OK
r-devel-linux-x86_64-debian-gcc 1.5.1 7.04 41.75 48.79 OK
r-devel-linux-x86_64-fedora-clang 1.5.1 78.94 NOTE
r-devel-linux-x86_64-fedora-gcc 1.5.1 73.73 NOTE
r-devel-windows-x86_64 1.5.1 9.00 59.00 68.00 OK
r-patched-linux-x86_64 1.5.1 6.83 51.85 58.68 OK
r-release-linux-x86_64 1.5.1 7.39 51.17 58.56 OK
r-release-macos-arm64 1.5.1 30.00 OK
r-release-macos-x86_64 1.5.1 43.00 OK
r-release-windows-x86_64 1.5.1 10.00 66.00 76.00 OK
r-oldrel-macos-arm64 1.5.1 34.00 NOTE
r-oldrel-macos-x86_64 1.5.1 42.00 NOTE
r-oldrel-windows-x86_64 1.5.1 11.00 69.00 80.00 OK

Check Details

Version: 1.5.1
Check: data for non-ASCII characters
Result: NOTE
     Note: found 269 marked UTF-8 strings
Flavors: r-devel-linux-x86_64-fedora-clang, r-devel-linux-x86_64-fedora-gcc, r-oldrel-macos-arm64, r-oldrel-macos-x86_64