Last updated on 2022-06-27 16:51:56 CEST.
Flavor | Version | Tinstall | Tcheck | Ttotal | Status | Flags |
---|---|---|---|---|---|---|
r-devel-linux-x86_64-debian-clang | 1.6.0 | 20.25 | 352.27 | 372.52 | OK | |
r-devel-linux-x86_64-debian-gcc | 1.6.1 | 19.64 | 266.43 | 286.07 | OK | |
r-devel-linux-x86_64-fedora-clang | 1.6.1 | 439.96 | OK | |||
r-devel-linux-x86_64-fedora-gcc | 1.6.1 | 452.19 | OK | |||
r-devel-windows-x86_64 | 1.6.0 | 115.00 | 330.00 | 445.00 | OK | |
r-patched-linux-x86_64 | 1.6.1 | 22.91 | 339.84 | 362.75 | OK | |
r-release-linux-x86_64 | 1.6.1 | 18.13 | 333.81 | 351.94 | OK | |
r-release-macos-arm64 | 1.6.1 | 122.00 | WARN | |||
r-release-macos-x86_64 | 1.6.1 | 151.00 | OK | |||
r-release-windows-x86_64 | 1.6.1 | 106.00 | 312.00 | 418.00 | OK | |
r-oldrel-macos-arm64 | 1.6.1 | 112.00 | OK | |||
r-oldrel-macos-x86_64 | 1.6.1 | 163.00 | OK | |||
r-oldrel-windows-ix86+x86_64 | 1.6.1 | 127.00 | 411.00 | 538.00 | OK |
Version: 1.6.1
Check: dependencies in R code
Result: WARN
Missing or unexported object: ‘parameters::standardize_parameters’
Flavor: r-release-macos-arm64