CRAN Package Check Results for Package gtsummary

Last updated on 2021-09-23 00:48:43 CEST.

Flavor Version Tinstall Tcheck Ttotal Status Flags
r-devel-linux-x86_64-debian-clang 1.4.2 23.34 350.07 373.41 OK
r-devel-linux-x86_64-debian-gcc 1.4.2 19.10 261.34 280.44 OK
r-devel-linux-x86_64-fedora-clang 1.4.2 434.21 OK
r-devel-linux-x86_64-fedora-gcc 1.4.2 432.34 OK
r-devel-windows-x86_64 1.4.2 25.00 297.00 322.00 OK
r-devel-windows-x86_64-gcc10-UCRT 1.4.2 ERROR
r-patched-linux-x86_64 1.4.2 25.78 339.67 365.45 OK
r-patched-solaris-x86 1.4.2 548.20 OK
r-release-linux-x86_64 1.4.2 21.75 346.52 368.27 OK
r-release-macos-arm64 1.4.2 OK
r-release-macos-x86_64 1.4.2 OK
r-release-windows-ix86+x86_64 1.4.2 45.00 302.00 347.00 OK
r-oldrel-macos-x86_64 1.4.2 OK
r-oldrel-windows-ix86+x86_64 1.4.2 29.00 311.00 340.00 OK

Check Details

Version: 1.4.2
Check: package dependencies
Result: NOTE
    Packages suggested but not available for checking:
     'flextable', 'Hmisc', 'huxtable', 'kableExtra', 'officer', 'spelling'
Flavor: r-devel-windows-x86_64-gcc10-UCRT

Version: 1.4.2
Check: PDF version of manual
Result: WARN
    LaTeX errors when creating PDF version.
    This typically indicates Rd problems.
Flavor: r-devel-windows-x86_64-gcc10-UCRT

Version: 1.4.2
Check: PDF version of manual without hyperrefs or index
Result: ERROR
    Re-running with no redirection of stdout/stderr.
Flavor: r-devel-windows-x86_64-gcc10-UCRT