CRAN Package Check Results for Package guardianapi

Last updated on 2022-08-10 20:54:46 CEST.

Flavor Version Tinstall Tcheck Ttotal Status Flags
r-devel-linux-x86_64-debian-clang 0.1.1 5.89 56.29 62.18 NOTE
r-devel-linux-x86_64-debian-gcc 0.1.1 3.54 42.00 45.54 NOTE
r-devel-linux-x86_64-fedora-clang 0.1.1 82.24 NOTE
r-devel-linux-x86_64-fedora-gcc 0.1.1 79.50 NOTE
r-devel-windows-x86_64 0.1.1 20.00 80.00 100.00 NOTE
r-patched-linux-x86_64 0.1.1 4.19 52.08 56.27 NOTE
r-release-linux-x86_64 0.1.1 NOTE
r-release-macos-arm64 0.1.1 28.00 NOTE
r-release-macos-x86_64 0.1.1 46.00 NOTE
r-release-windows-x86_64 0.1.1 9.00 80.00 89.00 NOTE
r-oldrel-macos-arm64 0.1.1 29.00 NOTE
r-oldrel-macos-x86_64 0.1.1 41.00 NOTE
r-oldrel-windows-ix86+x86_64 0.1.1 15.00 76.00 91.00 NOTE

Check Details

Version: 0.1.1
Check: LazyData
Result: NOTE
     'LazyData' is specified without a 'data' directory
Flavors: r-devel-linux-x86_64-debian-clang, r-devel-linux-x86_64-debian-gcc, r-devel-linux-x86_64-fedora-clang, r-devel-linux-x86_64-fedora-gcc, r-devel-windows-x86_64, r-patched-linux-x86_64, r-release-linux-x86_64, r-release-macos-arm64, r-release-macos-x86_64, r-release-windows-x86_64, r-oldrel-macos-arm64, r-oldrel-macos-x86_64, r-oldrel-windows-ix86+x86_64