Last updated on 2024-04-19 16:58:43 CEST.
Flavor | Version | Tinstall | Tcheck | Ttotal | Status | Flags |
---|---|---|---|---|---|---|
r-devel-linux-x86_64-debian-clang | 0.0.1 | 6.99 | 50.84 | 57.83 | NOTE | |
r-devel-linux-x86_64-debian-gcc | 0.0.1 | NOTE | ||||
r-devel-linux-x86_64-fedora-clang | 0.0.1 | 72.14 | NOTE | |||
r-devel-linux-x86_64-fedora-gcc | 0.0.1 | 67.48 | NOTE | |||
r-prerel-macos-arm64 | 0.0.1 | 25.00 | NOTE | |||
r-prerel-windows-x86_64 | 0.0.1 | 7.00 | 60.00 | 67.00 | NOTE | |
r-patched-linux-x86_64 | 0.0.1 | 7.51 | 48.54 | 56.05 | NOTE | |
r-release-linux-x86_64 | 0.0.1 | 6.16 | 50.65 | 56.81 | OK | |
r-release-macos-arm64 | 0.0.1 | 26.00 | OK | |||
r-release-macos-x86_64 | 0.0.1 | 35.00 | OK | |||
r-release-windows-x86_64 | 0.0.1 | 9.00 | 64.00 | 73.00 | OK | |
r-oldrel-macos-arm64 | 0.0.1 | 24.00 | OK | |||
r-oldrel-windows-x86_64 | 0.0.1 | 9.00 | 68.00 | 77.00 | OK |
Version: 0.0.1
Check: Rd files
Result: NOTE
checkRd: (-1) guild_merge.Rd:38: Lost braces; missing escapes or markup?
38 | \item{\code{summary_name}}{Name used for the run summary. Use '${run_id}' in the name to include the run ID.}
| ^
checkRd: (-1) guild_merge_cli.Rd:88: Lost braces; missing escapes or markup?
88 | \item{summary_name}{Name used for the run summary. Use '${run_id}' in the name to include the run ID.}
| ^
Flavors: r-devel-linux-x86_64-debian-clang, r-devel-linux-x86_64-debian-gcc, r-devel-linux-x86_64-fedora-clang, r-devel-linux-x86_64-fedora-gcc, r-prerel-macos-arm64, r-prerel-windows-x86_64, r-patched-linux-x86_64