CRAN Package Check Results for Package gwasforest

Last updated on 2021-12-06 04:50:37 CET.

Flavor Version Tinstall Tcheck Ttotal Status Flags
r-devel-linux-x86_64-debian-clang 1.0.0 2.43 31.64 34.07 NOTE
r-devel-linux-x86_64-debian-gcc 1.0.0 1.77 24.92 26.69 NOTE
r-devel-linux-x86_64-fedora-clang 1.0.0 41.95 NOTE
r-devel-linux-x86_64-fedora-gcc 1.0.0 30.58 NOTE
r-devel-windows-x86_64-new-UL 1.0.0 7.00 56.00 63.00 NOTE
r-devel-windows-x86_64-new-TK 1.0.0 NOTE
r-devel-windows-x86_64-old 1.0.0 5.00 30.00 35.00 NOTE
r-patched-linux-x86_64 1.0.0 2.39 21.81 24.20 NOTE
r-release-linux-x86_64 1.0.0 2.30 29.77 32.07 NOTE
r-release-macos-arm64 1.0.0 NOTE
r-release-macos-x86_64 1.0.0 NOTE
r-release-windows-ix86+x86_64 1.0.0 5.00 39.00 44.00 NOTE
r-oldrel-macos-x86_64 1.0.0 OK
r-oldrel-windows-ix86+x86_64 1.0.0 6.00 39.00 45.00 OK

Check Details

Version: 1.0.0
Check: LazyData
Result: NOTE
     'LazyData' is specified without a 'data' directory
Flavors: r-devel-linux-x86_64-debian-clang, r-devel-linux-x86_64-debian-gcc, r-devel-linux-x86_64-fedora-clang, r-devel-linux-x86_64-fedora-gcc, r-devel-windows-x86_64-new-UL, r-devel-windows-x86_64-new-TK, r-devel-windows-x86_64-old, r-patched-linux-x86_64, r-release-linux-x86_64, r-release-macos-arm64, r-release-macos-x86_64, r-release-windows-ix86+x86_64