Last updated on 2024-03-27 23:59:45 CET.
Flavor | Version | Tinstall | Tcheck | Ttotal | Status | Flags |
---|---|---|---|---|---|---|
r-devel-linux-x86_64-debian-clang | 0.2.0 | 9.17 | 81.82 | 90.99 | NOTE | |
r-devel-linux-x86_64-debian-gcc | 0.2.0 | 6.59 | 61.64 | 68.23 | NOTE | |
r-devel-linux-x86_64-fedora-clang | 0.2.0 | 120.94 | NOTE | |||
r-devel-linux-x86_64-fedora-gcc | 0.2.0 | 110.69 | NOTE | |||
r-devel-windows-x86_64 | 0.2.0 | 10.00 | 73.00 | 83.00 | NOTE | |
r-patched-linux-x86_64 | 0.2.0 | 6.02 | 75.50 | 81.52 | OK | |
r-release-linux-x86_64 | 0.2.0 | 6.36 | 76.05 | 82.41 | OK | |
r-release-macos-arm64 | 0.2.0 | 33.00 | OK | |||
r-release-macos-x86_64 | 0.2.0 | 53.00 | OK | |||
r-release-windows-x86_64 | 0.2.0 | 13.00 | 85.00 | 98.00 | OK | |
r-oldrel-macos-arm64 | 0.2.0 | 34.00 | OK | |||
r-oldrel-windows-x86_64 | 0.2.0 | 14.00 | 94.00 | 108.00 | OK |
Version: 0.2.0
Check: Rd files
Result: NOTE
checkRd: (-1) get_Basin.Rd:19: Lost braces; missing escapes or markup?
19 | looking at {nhdplusTools} as that has a lot of functionality and better documentation.
| ^
checkRd: (-1) get_basin_interactively.Rd:35: Lost braces; missing escapes or markup?
35 | shiny app. It uses the {elevatr} package for DEM and {whitebox} package to delineate the watershed.
| ^
checkRd: (-1) get_basin_interactively.Rd:35: Lost braces; missing escapes or markup?
35 | shiny app. It uses the {elevatr} package for DEM and {whitebox} package to delineate the watershed.
| ^
Flavors: r-devel-linux-x86_64-debian-clang, r-devel-linux-x86_64-debian-gcc, r-devel-linux-x86_64-fedora-clang, r-devel-linux-x86_64-fedora-gcc, r-devel-windows-x86_64